




{"id":42291,"date":"2019-09-11T08:21:50","date_gmt":"2019-09-11T07:21:50","guid":{"rendered":"https:\/\/camptecnologico.com\/inicio\/?page_id=42291"},"modified":"2020-03-23T11:51:09","modified_gmt":"2020-03-23T10:51:09","slug":"colaboradores","status":"publish","type":"page","link":"https:\/\/camptecnologico.com\/inicio\/colaboradores\/","title":{"rendered":"Colaboradores"},"content":{"rendered":"<section class=\"wpb-content-wrapper\"><p>[vc_row][vc_column][vc_row_inner][vc_column_inner][vc_column_text]<\/p>\r\n<p>[\/vc_column_text][\/vc_column_inner][\/vc_row_inner][\/vc_column][\/vc_row][vc_row][vc_column][vc_column_text] \t \t \t \t \t<link rel=\"stylesheet\" type=\"text\/css\" href=\"https:\/\/camptecnologico.com\/inicio\/paginas\/colaboradores\/css\/logo-grid1.css\"\/><\/p>\r\n<div class=\"container\">\r\n<ul class=\"logogrid\">\r\n<li class=\"logogrid__item\">\r\n      <a href=\"https:\/\/www.ehu.eus\/es\/\"><img decoding=\"async\" src=\"https:\/\/camptecnologico.com\/inicio\/wp-content\/uploads\/universidad-de-pais-vasco-1.jpg\" class=\"logogrid__img\" alt=\"Universidad de pais Vasco\"\/><\/a><\/li>\r\n<li class=\"logogrid__item\">\r\n      <a href=\"https:\/\/www.unirioja.es\/\"><img decoding=\"async\" src=\"https:\/\/camptecnologico.com\/inicio\/wp-content\/uploads\/uni.rioja-1.jpg\" class=\"logogrid__img\" alt=\"Universidad de la Rioja\"\/><\/a><\/li>\r\n<li class=\"logogrid__item\">\r\n      <a href=\"https:\/\/www.mondragon.edu\/es\/inicio\"><img decoding=\"async\" src=\"https:\/\/camptecnologico.com\/inicio\/wp-content\/uploads\/uni.mondragon-1.jpg\" class=\"logogrid__img\" alt=\"Mondragon Unibertsitatea\"\/><\/a><\/li>\r\n<li class=\"logogrid__item\">\r\n      <a href=\"https:\/\/www.deusto.es\/cs\/Satellite\/deusto\/es\/universidad-deusto\"><img decoding=\"async\" src=\"https:\/\/camptecnologico.com\/inicio\/wp-content\/uploads\/uni.deusto-1.png\" class=\"logogrid__img\" alt=\"Universidad de Deusto\"\/><\/a><\/li>\r\n<li class=\"logogrid__item\">\r\n      <a href=\"http:\/\/toptalkenglish.es\/\"><img decoding=\"async\" src=\"https:\/\/camptecnologico.com\/inicio\/wp-content\/uploads\/top-talk-1.jpg\" class=\"logogrid__img\" alt=\"Academia ingl\u00e9s Top Talk\"\/><\/a><\/li>\r\n<li class=\"logogrid__item\">\r\n      <a href=\"https:\/\/www.telefonica.com\/es\/home\"><img decoding=\"async\" src=\"https:\/\/camptecnologico.com\/inicio\/wp-content\/uploads\/telefonica-1.jpg\" class=\"logogrid__img\" alt=\"Telef\u00f3nica\"\/><\/a><\/li>\r\n<li class=\"logogrid__item\">\r\n      <a href=\"https:\/\/www.ro-botica.com\/\"><img decoding=\"async\" src=\"https:\/\/camptecnologico.com\/inicio\/wp-content\/uploads\/Ro-botica-1.jpg\" class=\"logogrid__img\" alt=\"Ro-Botica\"\/><\/a><\/li>\r\n<li class=\"logogrid__item\">\r\n      <a href=\"https:\/\/www.microsoft.com\/es-es\"><img decoding=\"async\" src=\"https:\/\/camptecnologico.com\/inicio\/wp-content\/uploads\/mocrosoft-1.jpg\" class=\"logogrid__img\" alt=\"Microsoft\"\/><\/a><\/li>\r\n<li class=\"logogrid__item\">\r\n      <a href=\"https:\/\/www.kutxa.eus\/es\/\"><img decoding=\"async\" src=\"https:\/\/camptecnologico.com\/inicio\/wp-content\/uploads\/Kutxa-1.jpg\" class=\"logogrid__img\" alt=\"Kutxa\"\/><\/a><\/li>\r\n<li class=\"logogrid__item\">\r\n      <a href=\"https:\/\/www.intel.es\/content\/www\/es\/es\/homepage.html\"><img decoding=\"async\" src=\"https:\/\/camptecnologico.com\/inicio\/wp-content\/uploads\/Intel-1.jpg\" class=\"logogrid__img\" alt=\"Intel\"\/><\/a><\/li>\r\n<li class=\"logogrid__item\">\r\n      <a href=\"https:\/\/www.innobasque.eus\/\"><img decoding=\"async\" src=\"https:\/\/camptecnologico.com\/inicio\/wp-content\/uploads\/innobasque-1.jpg\" class=\"logogrid__img\" alt=\"Innobasque\"\/><\/a><\/li>\r\n<li class=\"logogrid__item\">\r\n      <a href=\"https:\/\/www.ingeteam.com\/\"><img decoding=\"async\" src=\"https:\/\/camptecnologico.com\/inicio\/wp-content\/uploads\/ingeteam-1.jpg\" class=\"logogrid__img\" alt=\"Ingeteam\"\/><\/a><\/li>\r\n<li class=\"logogrid__item\">\r\n      <a href=\"https:\/\/www.spri.eus\/es\/\"><img decoding=\"async\" src=\"https:\/\/camptecnologico.com\/inicio\/wp-content\/uploads\/grupo-spri-1.jpg\" class=\"logogrid__img\" alt=\"Spri\"\/><\/a><\/li>\r\n<li class=\"logogrid__item\">\r\n      <a href=\"https:\/\/www.google.es\/intl\/es-419\/contact\/\"><img decoding=\"async\" src=\"https:\/\/camptecnologico.com\/inicio\/wp-content\/uploads\/google-1.jpg\" class=\"logogrid__img\" alt=\"Google\"\/><\/a><\/li>\r\n<li class=\"logogrid__item\">\r\n      <a href=\"https:\/\/www.euskadi.eus\/gobierno-vasco\/inicio\/\"><img decoding=\"async\" src=\"https:\/\/camptecnologico.com\/inicio\/wp-content\/uploads\/Gobierno_Vasco-1.png\" class=\"logogrid__img\" alt=\"Gobierno Vasco\"\/><\/a><\/li>\r\n<li class=\"logogrid__item\">\r\n      <a href=\"http:\/\/www.easo.hezkuntza.net\/web\/guest\/inicio\"><img decoding=\"async\" src=\"https:\/\/camptecnologico.com\/inicio\/wp-content\/uploads\/easo-1.png\" class=\"logogrid__img\" alt=\"Easo\"\/><\/a><\/li>\r\n<li class=\"logogrid__item\">\r\n      <a href=\"https:\/\/www.bilbao.eus\"><img decoding=\"async\" src=\"https:\/\/camptecnologico.com\/inicio\/wp-content\/uploads\/B_Bilbao-1.jpg\" class=\"logogrid__img\" alt=\"Ayuntamiento de Bilbao\"\/><\/a><\/li>\r\n<li class=\"logogrid__item\">\r\n      <img decoding=\"async\" src=\"https:\/\/camptecnologico.com\/inicio\/wp-content\/uploads\/aula-planeta-1.jpg\" class=\"logogrid__img\" alt=\"AulaPlaneta\"\/><\/li>\r\n<li class=\"logogrid__item\">\r\n      <a href=\"https:\/\/ajuntament.barcelona.cat\/es\/\"><img decoding=\"async\" src=\"https:\/\/camptecnologico.com\/inicio\/wp-content\/uploads\/Ajuntament-de-Barcelona-1.png\" class=\"logogrid__img\" alt=\"Ayuntamiento de Barcelona\"\/><\/a><\/li>\r\n<\/ul>\r\n<\/div>\r\n<p>[\/vc_column_text][\/vc_column][\/vc_row]<\/p>\r\n<\/section>","protected":false},"excerpt":{"rendered":"[vc_row][vc_column][vc_row_inner][vc_column_inner][vc_column_text] [\/vc_column_text][\/vc_column_inner][\/vc_row_inner][\/vc_column][\/vc_row][vc_row][vc_column][vc_column_text] [\/vc_column_text][\/vc_column][\/vc_row]","protected":false},"author":57,"featured_media":49704,"parent":0,"menu_order":0,"comment_status":"closed","ping_status":"closed","template":"","meta":{"footnotes":"","_links_to":"","_links_to_target":""},"class_list":["post-42291","page","type-page","status-publish","has-post-thumbnail","hentry"],"yoast_head":"<!-- This site is optimized with the Yoast SEO plugin v22.6 - https:\/\/yoast.com\/wordpress\/plugins\/seo\/ -->\n<title>Colaboradores | Camp Tecnologico<\/title>\n<meta name=\"robots\" content=\"noindex, follow, max-snippet:-1, max-image-preview:large, max-video-preview:-1\" \/>\n<meta property=\"og:locale\" content=\"es_ES\" \/>\n<meta property=\"og:type\" content=\"article\" \/>\n<meta property=\"og:title\" content=\"Colaboradores | Camp Tecnologico\" \/>\n<meta property=\"og:url\" content=\"https:\/\/camptecnologico.com\/inicio\/colaboradores\/\" \/>\n<meta property=\"og:site_name\" content=\"Camp Tecnologico\" \/>\n<meta property=\"article:publisher\" content=\"https:\/\/www.facebook.com\/camptecnologico\/\" \/>\n<meta property=\"article:modified_time\" content=\"2020-03-23T10:51:09+00:00\" \/>\n<meta property=\"og:image\" content=\"https:\/\/camptecnologico.com\/inicio\/wp-content\/uploads\/universidad-de-pais-vasco-1.jpg\" \/>\n<meta name=\"twitter:card\" content=\"summary_large_image\" \/>\n<meta name=\"twitter:site\" content=\"@CampTecnologico\" \/>\n<!-- \/ Yoast SEO plugin. -->","yoast_head_json":{"title":"Colaboradores | Camp Tecnologico","robots":{"index":"noindex","follow":"follow","max-snippet":"max-snippet:-1","max-image-preview":"max-image-preview:large","max-video-preview":"max-video-preview:-1"},"og_locale":"es_ES","og_type":"article","og_title":"Colaboradores | Camp Tecnologico","og_url":"https:\/\/camptecnologico.com\/inicio\/colaboradores\/","og_site_name":"Camp Tecnologico","article_publisher":"https:\/\/www.facebook.com\/camptecnologico\/","article_modified_time":"2020-03-23T10:51:09+00:00","og_image":[{"url":"https:\/\/camptecnologico.com\/inicio\/wp-content\/uploads\/universidad-de-pais-vasco-1.jpg"}],"twitter_card":"summary_large_image","twitter_site":"@CampTecnologico","schema":{"@context":"https:\/\/schema.org","@graph":[{"@type":"WebPage","@id":"https:\/\/camptecnologico.com\/inicio\/colaboradores\/","url":"https:\/\/camptecnologico.com\/inicio\/colaboradores\/","name":"Colaboradores | Camp Tecnologico","isPartOf":{"@id":"https:\/\/camptecnologico.com\/inicio\/#website"},"primaryImageOfPage":{"@id":"https:\/\/camptecnologico.com\/inicio\/colaboradores\/#primaryimage"},"image":{"@id":"https:\/\/camptecnologico.com\/inicio\/colaboradores\/#primaryimage"},"thumbnailUrl":"https:\/\/camptecnologico.com\/inicio\/wp-content\/uploads\/industry-4.0camptec-1.jpg","datePublished":"2019-09-11T07:21:50+00:00","dateModified":"2020-03-23T10:51:09+00:00","breadcrumb":{"@id":"https:\/\/camptecnologico.com\/inicio\/colaboradores\/#breadcrumb"},"inLanguage":"es","potentialAction":[{"@type":"ReadAction","target":["https:\/\/camptecnologico.com\/inicio\/colaboradores\/"]}]},{"@type":"ImageObject","inLanguage":"es","@id":"https:\/\/camptecnologico.com\/inicio\/colaboradores\/#primaryimage","url":"https:\/\/camptecnologico.com\/inicio\/wp-content\/uploads\/industry-4.0camptec-1.jpg","contentUrl":"https:\/\/camptecnologico.com\/inicio\/wp-content\/uploads\/industry-4.0camptec-1.jpg","width":400,"height":235},{"@type":"BreadcrumbList","@id":"https:\/\/camptecnologico.com\/inicio\/colaboradores\/#breadcrumb","itemListElement":[{"@type":"ListItem","position":1,"name":"Home","item":"https:\/\/camptecnologico.com\/"},{"@type":"ListItem","position":2,"name":"Colaboradores"}]},{"@type":"WebSite","@id":"https:\/\/camptecnologico.com\/inicio\/#website","url":"https:\/\/camptecnologico.com\/inicio\/","name":"Camp Tecnologico","description":"Campamento tecnol\u00f3gico para ni\u00f1os y j\u00f3venes. Tecnolog\u00eda para ni\u00f1os. Minecraft.","publisher":{"@id":"https:\/\/camptecnologico.com\/inicio\/#organization"},"potentialAction":[{"@type":"SearchAction","target":{"@type":"EntryPoint","urlTemplate":"https:\/\/camptecnologico.com\/inicio\/?s={search_term_string}"},"query-input":"required name=search_term_string"}],"inLanguage":"es"},{"@type":"Organization","@id":"https:\/\/camptecnologico.com\/inicio\/#organization","name":"Camp Tecnol\u00f3gico","url":"https:\/\/camptecnologico.com\/inicio\/","logo":{"@type":"ImageObject","inLanguage":"es","@id":"https:\/\/camptecnologico.com\/inicio\/#\/schema\/logo\/image\/","url":"https:\/\/camptecnologico.com\/inicio\/wp-content\/uploads\/logo1.jpg","contentUrl":"https:\/\/camptecnologico.com\/inicio\/wp-content\/uploads\/logo1.jpg","width":120,"height":120,"caption":"Camp Tecnol\u00f3gico"},"image":{"@id":"https:\/\/camptecnologico.com\/inicio\/#\/schema\/logo\/image\/"},"sameAs":["https:\/\/www.facebook.com\/camptecnologico\/","https:\/\/x.com\/CampTecnologico","https:\/\/www.instagram.com\/camptecnologico\/","https:\/\/www.linkedin.com\/company\/camptecnol-gico","https:\/\/www.youtube.com\/user\/CampTecologico"]}]}},"_links":{"self":[{"href":"https:\/\/camptecnologico.com\/inicio\/wp-json\/wp\/v2\/pages\/42291","targetHints":{"allow":["GET"]}}],"collection":[{"href":"https:\/\/camptecnologico.com\/inicio\/wp-json\/wp\/v2\/pages"}],"about":[{"href":"https:\/\/camptecnologico.com\/inicio\/wp-json\/wp\/v2\/types\/page"}],"author":[{"embeddable":true,"href":"https:\/\/camptecnologico.com\/inicio\/wp-json\/wp\/v2\/users\/57"}],"replies":[{"embeddable":true,"href":"https:\/\/camptecnologico.com\/inicio\/wp-json\/wp\/v2\/comments?post=42291"}],"version-history":[{"count":37,"href":"https:\/\/camptecnologico.com\/inicio\/wp-json\/wp\/v2\/pages\/42291\/revisions"}],"predecessor-version":[{"id":46309,"href":"https:\/\/camptecnologico.com\/inicio\/wp-json\/wp\/v2\/pages\/42291\/revisions\/46309"}],"wp:featuredmedia":[{"embeddable":true,"href":"https:\/\/camptecnologico.com\/inicio\/wp-json\/wp\/v2\/media\/49704"}],"wp:attachment":[{"href":"https:\/\/camptecnologico.com\/inicio\/wp-json\/wp\/v2\/media?parent=42291"}],"curies":[{"name":"wp","href":"https:\/\/api.w.org\/{rel}","templated":true}]}}