




{"id":35796,"date":"2018-12-05T17:31:54","date_gmt":"2018-12-05T16:31:54","guid":{"rendered":"https:\/\/camptecnologico.com\/inicio\/?page_id=35796"},"modified":"2020-03-10T18:10:39","modified_gmt":"2020-03-10T17:10:39","slug":"campamentos-semana-santa","status":"publish","type":"page","link":"https:\/\/camptecnologico.com\/inicio\/campamentos-semana-santa\/","title":{"rendered":"Campamentos de Semana Santa 2020"},"content":{"rendered":"<div class=\"row\">\r\n    <div class=\"twocol column\"><\/div>\r\n    <div class=\"fivecol column\">\r\n        <p style=\"align-text:right\">\r\n            <a href=\"#ciudades\">\r\n                <img decoding=\"async\" src=\"https:\/\/camptecnologico.com\/inicio\/wp-content\/uploads\/Semana-Santa-3.jpg\" alt=\"\" width=\"440\" \/>\r\n            <\/a>\r\n        <\/p>\r\n    <\/div>\r\n    <div class=\"twocol column last\">\r\n        <p id=\"ciudades\">&nbsp;<\/p>\r\n        <center>\r\n\t    <h4>Selecciona tu ciudad:<\/h4>\r\n\t    <ul>\r\n                &nbsp;&nbsp;&nbsp;\r\n                <li style=\"padding-right:15px;padding-left:15px;\" class=\"complementario_black\"><a href=\"https:\/\/camptecnologico.com\/inicio\/campamentos-semana-santa-bilbao-mananas\/\">Bilbao<\/a><\/li>\r\n<br \/>\r\n                <li style=\"padding-right:5px;padding-left:5px;\"   class=\"complementario_black\"><a href=\"https:\/\/camptecnologico.com\/inicio\/campamento-semana-santa-donostia-mananas\">Donostia<\/a><\/li>\r\n<br \/>\r\n                <li style=\"padding-right:7px;padding-left:7px;\"   class=\"complementario_black\"><a href=\"https:\/\/camptecnologico.com\/inicio\/campamentos-semana-santa-arrasate-mondragon\/\">Arrasate<\/a><\/li>\r\n<br \/>\r\n\t        <li style=\"padding-right:15px;padding-left:15px;\" class=\"complementario_black\"><a href=\"https:\/\/camptecnologico.com\/inicio\/campamentos-semana-santa-vitoria-gasteiz\/\">Vitoria<\/a><\/li>\r\n<br \/>\r\n\t        <li style=\"padding-right:13px;padding-left:13px;\" class=\"complementario_black\"><a href=\"https:\/\/camptecnologico.com\/inicio\/campamentos-semana-santa-madrid\/\">Madrid<\/a><\/li>\r\n<br \/>\r\n\t        <li style=\"padding-right:0px;padding-left:0px;\"   class=\"complementario_black\"><a href=\"https:\/\/camptecnologico.com\/inicio\/campamentos-semana-santa-barcelona-ensanche\/\">Barcelona<\/a><\/li>\r\n<br \/>\r\n\t        <li style=\"padding-right:1px;padding-left:1px;\"   class=\"complementario_black\"><a href=\"https:\/\/camptecnologico.com\/inicio\/campamento-semana-santa-pamplona-mananas\/\">Pamplona<\/a><\/li>\r\n\t  <\/ul>\r\n        <\/center>\r\n    <\/div>\r\n    <div class=\"clearfix\"><\/div>\r\n\r\n<hr \/>\r\n\r\n<!---------------------------------------------------------------------->\r\n\r\n    <div class=\"ciudades\">\r\n\t<div class=\"threecol column\" style=\"margin:0px 5px 0px 0px\">\r\n            <h3 class=\"tituloSeccion\">Bilbao<\/h3>\r\n            <a href=\"https:\/\/camptecnologico.com\/inicio\/campamento-semana-santa-bilbao-mananas\/\">\r\n                <img loading=\"lazy\" decoding=\"async\" src=\"https:\/\/camptecnologico.com\/inicio\/wp-content\/uploads\/2016\/03\/bilbao-camp-tecnologico-azkuna-zentroa.jpg\" \r\n                     alt=\"campamentos, tecnologia, az, azkuna, azkuna zentroa, bilbao, bizkaia, talleres, tecnologia, robotica, robotica educativa, \r\n                     programacion, codigo, ni\u00f1os, adolescentes, talleres, videojuegos\" width=\"150\" height=\"150\" class=\"alignnone size-full wp-image-18458\" srcset=\"https:\/\/camptecnologico.com\/inicio\/wp-content\/uploads\/2016\/03\/bilbao-camp-tecnologico-azkuna-zentroa.jpg 150w, https:\/\/camptecnologico.com\/inicio\/wp-content\/uploads\/2016\/03\/bilbao-camp-tecnologico-azkuna-zentroa-100x100.jpg 100w, https:\/\/camptecnologico.com\/inicio\/wp-content\/uploads\/2016\/03\/bilbao-camp-tecnologico-azkuna-zentroa-120x120.jpg 120w, https:\/\/camptecnologico.com\/inicio\/wp-content\/uploads\/2016\/03\/bilbao-camp-tecnologico-azkuna-zentroa-113x113.jpg 113w, https:\/\/camptecnologico.com\/inicio\/wp-content\/uploads\/2016\/03\/bilbao-camp-tecnologico-azkuna-zentroa-90x90.jpg 90w\" sizes=\"auto, (max-width: 150px) 100vw, 150px\" \/><\/a>\r\n            <h4>Bilbao<\/h4>\r\n            <h5>Azkuna Zentroa<\/h5>\r\n            <a href=\"https:\/\/camptecnologico.com\/inicio\/campamento-semana-santa-bilbao-mananas\/\" class=\"button small primary\" rel=\"nofollow\">M\u00e1s Informaci\u00f3n<\/a>\r\n        <\/div>\r\n\t\r\n        <div class=\"threecol column\" style=\"margin:0px 5px 0px 0px\">\r\n            <h3 class=\"tituloSeccion\">Donostia<\/h3>\r\n            <a href=\"https:\/\/camptecnologico.com\/inicio\/campamento-semana-santa-donostia-mananas\/\">\r\n                <img loading=\"lazy\" decoding=\"async\" src=\"https:\/\/camptecnologico.com\/inicio\/wp-content\/uploads\/2016\/02\/politecnico-easo-donostia.jpg\" \r\n                     alt=\"campamentos, tecnologia, easo, politecnico, politeknikoa, donostia, talleres, tecnologia, robotica, robotica educativa, programacion, codigo, \r\n                     ni\u00f1os, adolescentes, talleres, videojuegos\" width=\"150\" height=\"150\" class=\"alignnone size-full wp-image-17203\" srcset=\"https:\/\/camptecnologico.com\/inicio\/wp-content\/uploads\/2016\/02\/politecnico-easo-donostia.jpg 150w, https:\/\/camptecnologico.com\/inicio\/wp-content\/uploads\/2016\/02\/politecnico-easo-donostia-100x100.jpg 100w, https:\/\/camptecnologico.com\/inicio\/wp-content\/uploads\/2016\/02\/politecnico-easo-donostia-120x120.jpg 120w, https:\/\/camptecnologico.com\/inicio\/wp-content\/uploads\/2016\/02\/politecnico-easo-donostia-113x113.jpg 113w, https:\/\/camptecnologico.com\/inicio\/wp-content\/uploads\/2016\/02\/politecnico-easo-donostia-90x90.jpg 90w\" sizes=\"auto, (max-width: 150px) 100vw, 150px\" \/><\/a>\r\n            <h4>Donostia<\/h4>\r\n            <h5>Easo<\/h5>\r\n            <a href=\"https:\/\/camptecnologico.com\/inicio\/campamento-semana-santa-donostia-mananas\/\" class=\"button small primary\" rel=\"nofollow\">M\u00e1s Informaci\u00f3n<\/a>\r\n        <\/div>\r\n\r\n        <div class=\"threecol column\" style=\"margin:0px 5px 0px 0px\">\r\n            <h3 class=\"tituloSeccion\">Vitoria\/Gasteiz<\/h3>\r\n            <a href=\"https:\/\/camptecnologico.com\/inicio\/campamentos-semana-santa-vitoria-gasteiz\">\r\n                <img decoding=\"async\" src=\"https:\/\/camptecnologico.com\/inicio\/wp-content\/uploads\/COIIA2.jpg\" alt=\"\" width=\"170\" class=\"alignleft size-full wp-image-40984\" srcset=\"https:\/\/camptecnologico.com\/inicio\/wp-content\/uploads\/COIIA2.jpg 251w, https:\/\/camptecnologico.com\/inicio\/wp-content\/uploads\/COIIA2-129x120.jpg 129w, https:\/\/camptecnologico.com\/inicio\/wp-content\/uploads\/COIIA2-122x113.jpg 122w, https:\/\/camptecnologico.com\/inicio\/wp-content\/uploads\/COIIA2-113x105.jpg 113w, https:\/\/camptecnologico.com\/inicio\/wp-content\/uploads\/COIIA2-248x230.jpg 248w\" sizes=\"(max-width: 251px) 100vw, 251px\" \/>\r\n            <\/a>\r\n            <h4>Vitoria\/Gasteiz<\/h4>\r\n            <h5>Colegio de Ingenieros Industriales<\/h5>\r\n            <a class=\"button small primary\" href=\"https:\/\/camptecnologico.com\/inicio\/campamentos-semana-santa-vitoria-gasteiz\/\">M\u00e1s Informaci\u00f3n<\/a>\r\n        <\/div>\r\n\r\n\r\n\t<div class=\"threecol column last\" style=\"margin:0px 5px 0px 0px\">\r\n            <h3 class=\"tituloSeccion\">Arrasate<\/h3>\r\n            <a href=\"https:\/\/camptecnologico.com\/inicio\/campamentos-semana-santa-arrasate-mondragon\/\" rel=\"nofollow\">\r\n                <img loading=\"lazy\" decoding=\"async\" src=\"https:\/\/camptecnologico.com\/inicio\/wp-content\/uploads\/2016\/02\/arrasate-mondragon-taller-tecnologia.jpg\" \r\n                     alt=\"campamentos, tecnologia, arrasate, mondragon, Mondragon Unibertsitatea, upv, ehu, talleres, tecnologia, robotica, \r\n                     robotica educativa, programacion, codigo, ni\u00f1as\/os, adolescentes, talleres, videojuegos\" width=\"150\" height=\"150\" class=\"alignnone size-full wp-image-17227\" srcset=\"https:\/\/camptecnologico.com\/inicio\/wp-content\/uploads\/2016\/02\/arrasate-mondragon-taller-tecnologia.jpg 150w, https:\/\/camptecnologico.com\/inicio\/wp-content\/uploads\/2016\/02\/arrasate-mondragon-taller-tecnologia-100x100.jpg 100w, https:\/\/camptecnologico.com\/inicio\/wp-content\/uploads\/2016\/02\/arrasate-mondragon-taller-tecnologia-120x120.jpg 120w, https:\/\/camptecnologico.com\/inicio\/wp-content\/uploads\/2016\/02\/arrasate-mondragon-taller-tecnologia-113x113.jpg 113w, https:\/\/camptecnologico.com\/inicio\/wp-content\/uploads\/2016\/02\/arrasate-mondragon-taller-tecnologia-90x90.jpg 90w\" sizes=\"auto, (max-width: 150px) 100vw, 150px\" \/><\/a>\r\n            <h4>Arrasate &#8211; Mondrag\u00f3n<\/h4>\r\n            <h5>Mondragon Unibertsitatea<\/h5>\r\n            <a href=\"https:\/\/camptecnologico.com\/inicio\/campamentos-semana-santa-arrasate-mondragon\/\" class=\"button small primary\" rel=\"nofollow\">M\u00e1s Informaci\u00f3n<\/a>\r\n        <\/div>\r\n        <div class=\"clearfix\"><\/div>\r\n\r\n<div>&nbsp;<\/div>\r\n\t\r\n        <div class=\"threecol column\" style=\"margin:0px 5px 0px 0px\">\r\n            <h3 class=\"tituloSeccion\">Madrid<\/h3>\t\r\n            <a href=\"https:\/\/camptecnologico.com\/inicio\/campamentos-semana-santa-madrid\/#atocha\">\r\n                <img loading=\"lazy\" decoding=\"async\" src=\"https:\/\/camptecnologico.com\/inicio\/wp-content\/uploads\/Talent-Garden.jpg\" \r\n                     alt=\"campamentos, tecnologia, atocha, delicias, madrid, talleres, tecnologia, robotica, robotica educativa, cursos, ni\u00f1os, \r\n                                 semana santa, adolescentes, videojuegos, campus\" width=\"150\" height=\"150\" class=\"alignnone size-full wp-image-17189\"\/><\/a>\r\n            <h4>Madrid-Atocha\/Delicias<\/h4>\r\n            <h5>Talent Garden<\/h5>\r\n            <a href=\"https:\/\/camptecnologico.com\/inicio\/campamentos-semana-santa-madrid\/#atocha\" class=\"button small primary\" rel=\"nofollow\">M\u00e1s Informaci\u00f3n<\/a>\r\n        <\/div>\t\t\r\n\t\t\r\n        <div class=\"threecol column\" style=\"margin:0px 5px 0px 0px\">\r\n            <h3 class=\"tituloSeccion\">Madrid<\/h3>\r\n            <a href=\"https:\/\/camptecnologico.com\/inicio\/campamentos-semana-santa-madrid\/#prosperidad\">\r\n                <img loading=\"lazy\" decoding=\"async\" src=\"https:\/\/camptecnologico.com\/inicio\/wp-content\/uploads\/2016\/02\/garaje-centro-jovenes-empresarios-madrid-1.jpg\" \r\n                     alt=\"campamentos, tecnologia, garAJE, madrid, talleres, tecnologia, robotica educativa, camp tecnologico, ni\u00f1os, adolescentes, programacion, \r\n                     videojuegos, cursos\" width=\"150\" height=\"150\" class=\"alignnone wp-image-17191\" srcset=\"https:\/\/camptecnologico.com\/inicio\/wp-content\/uploads\/2016\/02\/garaje-centro-jovenes-empresarios-madrid-1.jpg 150w, https:\/\/camptecnologico.com\/inicio\/wp-content\/uploads\/2016\/02\/garaje-centro-jovenes-empresarios-madrid-1-100x100.jpg 100w, https:\/\/camptecnologico.com\/inicio\/wp-content\/uploads\/2016\/02\/garaje-centro-jovenes-empresarios-madrid-1-120x120.jpg 120w, https:\/\/camptecnologico.com\/inicio\/wp-content\/uploads\/2016\/02\/garaje-centro-jovenes-empresarios-madrid-1-113x113.jpg 113w, https:\/\/camptecnologico.com\/inicio\/wp-content\/uploads\/2016\/02\/garaje-centro-jovenes-empresarios-madrid-1-90x90.jpg 90w\" sizes=\"auto, (max-width: 150px) 100vw, 150px\" \/><\/a>\r\n            <h4>Madrid-Prosperidad<\/h4>\r\n\t    <h5>garAJE<\/h5>\r\n            <a href=\"https:\/\/camptecnologico.com\/inicio\/campamentos-semana-santa-madrid\/#prosperidad\" class=\"button small primary\" rel=\"nofollow\">M\u00e1s Informaci\u00f3n<\/a>\r\n        <\/div>\r\n\r\n        <div class=\"threecol column\" style=\"margin:0px 5px 0px 0px\">\r\n            <h3 class=\"tituloSeccion\">Barcelona<\/h3>\r\n            <a href=\"https:\/\/camptecnologico.com\/inicio\/campamentos-semana-santa-barcelona-ensanche\/\">\r\n                <img loading=\"lazy\" decoding=\"async\" class=\"alignnone wp-image-17197\" src=\"https:\/\/camptecnologico.com\/inicio\/wp-content\/uploads\/BCN-LIC-120x120.jpg\" alt=\"campamentos, tecnologia, \r\n                       barcelona, cowork, formacio, talleres, tecnologia, robotica, robotica educativa, programacion, codigo, ni\u00f1os, \r\n                       adolescentes, talleres, videojuegos\" width=\"150\" height=\"150\"\/><\/a>\r\n            <h4>Barcelona\u2013L\u2019Eixample<\/h4>\r\n            <h5>Barcelona Learning Innovation Center<\/h5>\r\n            <a href=\"https:\/\/camptecnologico.com\/inicio\/campamentos-semana-santa-barcelona-ensanche\/\" class=\"button small primary\" rel=\"nofollow\">M\u00e1s Informaci\u00f3n<\/a>\r\n        <\/div>\r\n\r\n        <div class=\"threecol column last\" style=\"margin:0px 5px 0px 0px\">\r\n            <h3 class=\"tituloSeccion\">Pamplona<\/h3>\r\n\t    <a href=\"https:\/\/camptecnologico.com\/inicio\/campamento-semana-santa-pamplona-mananas\/\">\r\n                <img loading=\"lazy\" decoding=\"async\" src=\"https:\/\/camptecnologico.com\/inicio\/wp-content\/uploads\/2016\/02\/colegio-maria-ana-sanz-pamplona.jpg\" \r\n                     alt=\"campamentos, tecnologia, colegio, maria ana sanz, pamplona, talleres, tecnologia, robotica, robotica educativa, programacion, \r\n                      codigo, ni\u00f1os, adolescentes, talleres, videojuegos\" width=\"150\" height=\"150\" class=\"alignnone size-full wp-image-17229\" srcset=\"https:\/\/camptecnologico.com\/inicio\/wp-content\/uploads\/2016\/02\/colegio-maria-ana-sanz-pamplona.jpg 150w, https:\/\/camptecnologico.com\/inicio\/wp-content\/uploads\/2016\/02\/colegio-maria-ana-sanz-pamplona-100x100.jpg 100w, https:\/\/camptecnologico.com\/inicio\/wp-content\/uploads\/2016\/02\/colegio-maria-ana-sanz-pamplona-120x120.jpg 120w, https:\/\/camptecnologico.com\/inicio\/wp-content\/uploads\/2016\/02\/colegio-maria-ana-sanz-pamplona-113x113.jpg 113w, https:\/\/camptecnologico.com\/inicio\/wp-content\/uploads\/2016\/02\/colegio-maria-ana-sanz-pamplona-90x90.jpg 90w\" sizes=\"auto, (max-width: 150px) 100vw, 150px\" \/><\/a>\r\n            <h4>Pamplona-centro<\/h4>\r\n            <h5>Colegio Mar\u00eda Ana Sanz<\/h5>\r\n            <a href=\"https:\/\/camptecnologico.com\/inicio\/campamento-semana-santa-pamplona-mananas\/\" class=\"button small primary\" rel=\"nofollow\">M\u00e1s Informaci\u00f3n<\/a>\r\n        <\/div>\t\r\n        <div class=\"clearfix\"><\/div>\t\t\r\n    <\/div>\r\n<\/div>\r\n\r\n<script>if(window.matchMedia(\"screen and (min-width: 768px)\").matches) {<br \/>\r\n     $( \"h3.tituloSeccion\" ).each(function( index ) {<br \/>\r\n     var campamento = $(this).text() ;<br \/>\r\n     $(this).text('Campamento de Semana Santa en ' + campamento)<br \/>\r\n});\r\n}\r\n<\/script>","protected":false},"excerpt":{"rendered":"&nbsp; Selecciona tu ciudad: &nbsp;&nbsp;&nbsp; Bilbao Donostia Arrasate Vitoria Madrid Barcelona Pamplona Bilbao Bilbao Azkuna Zentroa M\u00e1s Informaci\u00f3n Donostia Donostia Easo M\u00e1s Informaci\u00f3n Vitoria\/Gasteiz Vitoria\/Gasteiz Colegio de Ingenieros Industriales M\u00e1s Informaci\u00f3n Arrasate Arrasate &#8211; Mondrag\u00f3n Mondragon Unibertsitatea M\u00e1s Informaci\u00f3n &nbsp; Madrid Madrid-Atocha\/Delicias Talent Garden M\u00e1s Informaci\u00f3n Madrid Madrid-Prosperidad garAJE M\u00e1s Informaci\u00f3n Barcelona Barcelona\u2013L\u2019Eixample Barcelona Learning [&hellip;]","protected":false},"author":21,"featured_media":18054,"parent":0,"menu_order":0,"comment_status":"closed","ping_status":"closed","template":"","meta":{"footnotes":"","_links_to":"","_links_to_target":""},"class_list":["post-35796","page","type-page","status-publish","has-post-thumbnail","hentry"],"yoast_head":"<!-- This site is optimized with the Yoast SEO plugin v22.6 - https:\/\/yoast.com\/wordpress\/plugins\/seo\/ -->\n<title>Campamentos de Semana Santa 2020 | Camp Tecnologico<\/title>\n<meta name=\"description\" content=\"Ven a los campamentos de Semana Santa 2020 De 4 a 17 a\u00f1os durante su periodo vacacional escolar. Un ocio que les encanta y es una inversi\u00f3n. \u00a1Ap\u00fantales!\" \/>\n<meta name=\"robots\" content=\"noindex, follow, max-snippet:-1, max-image-preview:large, max-video-preview:-1\" \/>\n<meta property=\"og:locale\" content=\"es_ES\" \/>\n<meta property=\"og:type\" content=\"article\" \/>\n<meta property=\"og:title\" content=\"Campamentos de Semana Santa 2020 | Camp Tecnologico\" \/>\n<meta property=\"og:description\" content=\"Ven a los campamentos de Semana Santa 2020 De 4 a 17 a\u00f1os durante su periodo vacacional escolar. Un ocio que les encanta y es una inversi\u00f3n. \u00a1Ap\u00fantales!\" \/>\n<meta property=\"og:url\" content=\"https:\/\/camptecnologico.com\/inicio\/campamentos-semana-santa\/\" \/>\n<meta property=\"og:site_name\" content=\"Camp Tecnologico\" \/>\n<meta property=\"article:publisher\" content=\"https:\/\/www.facebook.com\/camptecnologico\/\" \/>\n<meta property=\"article:modified_time\" content=\"2020-03-10T17:10:39+00:00\" \/>\n<meta property=\"og:image\" content=\"https:\/\/camptecnologico.com\/inicio\/wp-content\/uploads\/2016\/03\/semansantacamp.png\" \/>\n\t<meta property=\"og:image:width\" content=\"368\" \/>\n\t<meta property=\"og:image:height\" content=\"350\" \/>\n\t<meta property=\"og:image:type\" content=\"image\/png\" \/>\n<meta name=\"twitter:card\" content=\"summary_large_image\" \/>\n<meta name=\"twitter:site\" content=\"@CampTecnologico\" \/>\n<!-- \/ Yoast SEO plugin. -->","yoast_head_json":{"title":"Campamentos de Semana Santa 2020 | Camp Tecnologico","description":"Ven a los campamentos de Semana Santa 2020 De 4 a 17 a\u00f1os durante su periodo vacacional escolar. Un ocio que les encanta y es una inversi\u00f3n. \u00a1Ap\u00fantales!","robots":{"index":"noindex","follow":"follow","max-snippet":"max-snippet:-1","max-image-preview":"max-image-preview:large","max-video-preview":"max-video-preview:-1"},"og_locale":"es_ES","og_type":"article","og_title":"Campamentos de Semana Santa 2020 | Camp Tecnologico","og_description":"Ven a los campamentos de Semana Santa 2020 De 4 a 17 a\u00f1os durante su periodo vacacional escolar. Un ocio que les encanta y es una inversi\u00f3n. \u00a1Ap\u00fantales!","og_url":"https:\/\/camptecnologico.com\/inicio\/campamentos-semana-santa\/","og_site_name":"Camp Tecnologico","article_publisher":"https:\/\/www.facebook.com\/camptecnologico\/","article_modified_time":"2020-03-10T17:10:39+00:00","og_image":[{"width":368,"height":350,"url":"https:\/\/camptecnologico.com\/inicio\/wp-content\/uploads\/2016\/03\/semansantacamp.png","type":"image\/png"}],"twitter_card":"summary_large_image","twitter_site":"@CampTecnologico","schema":{"@context":"https:\/\/schema.org","@graph":[{"@type":"WebPage","@id":"https:\/\/camptecnologico.com\/inicio\/campamentos-semana-santa\/","url":"https:\/\/camptecnologico.com\/inicio\/campamentos-semana-santa\/","name":"Campamentos de Semana Santa 2020 | Camp Tecnologico","isPartOf":{"@id":"https:\/\/camptecnologico.com\/inicio\/#website"},"primaryImageOfPage":{"@id":"https:\/\/camptecnologico.com\/inicio\/campamentos-semana-santa\/#primaryimage"},"image":{"@id":"https:\/\/camptecnologico.com\/inicio\/campamentos-semana-santa\/#primaryimage"},"thumbnailUrl":"https:\/\/camptecnologico.com\/inicio\/wp-content\/uploads\/2016\/03\/semansantacamp.png","datePublished":"2018-12-05T16:31:54+00:00","dateModified":"2020-03-10T17:10:39+00:00","description":"Ven a los campamentos de Semana Santa 2020 De 4 a 17 a\u00f1os durante su periodo vacacional escolar. Un ocio que les encanta y es una inversi\u00f3n. \u00a1Ap\u00fantales!","breadcrumb":{"@id":"https:\/\/camptecnologico.com\/inicio\/campamentos-semana-santa\/#breadcrumb"},"inLanguage":"es","potentialAction":[{"@type":"ReadAction","target":["https:\/\/camptecnologico.com\/inicio\/campamentos-semana-santa\/"]}]},{"@type":"ImageObject","inLanguage":"es","@id":"https:\/\/camptecnologico.com\/inicio\/campamentos-semana-santa\/#primaryimage","url":"https:\/\/camptecnologico.com\/inicio\/wp-content\/uploads\/2016\/03\/semansantacamp.png","contentUrl":"https:\/\/camptecnologico.com\/inicio\/wp-content\/uploads\/2016\/03\/semansantacamp.png","width":368,"height":350,"caption":"Semana Santa, Camp, Tecnologico, robotica educativa, programacion, talleres, cursos, ni\u00f1os, adolescentes"},{"@type":"BreadcrumbList","@id":"https:\/\/camptecnologico.com\/inicio\/campamentos-semana-santa\/#breadcrumb","itemListElement":[{"@type":"ListItem","position":1,"name":"Home","item":"https:\/\/camptecnologico.com\/"},{"@type":"ListItem","position":2,"name":"Campamentos de Semana Santa 2020"}]},{"@type":"WebSite","@id":"https:\/\/camptecnologico.com\/inicio\/#website","url":"https:\/\/camptecnologico.com\/inicio\/","name":"Camp Tecnologico","description":"Campamento tecnol\u00f3gico para ni\u00f1os y j\u00f3venes. Tecnolog\u00eda para ni\u00f1os. Minecraft.","publisher":{"@id":"https:\/\/camptecnologico.com\/inicio\/#organization"},"potentialAction":[{"@type":"SearchAction","target":{"@type":"EntryPoint","urlTemplate":"https:\/\/camptecnologico.com\/inicio\/?s={search_term_string}"},"query-input":"required name=search_term_string"}],"inLanguage":"es"},{"@type":"Organization","@id":"https:\/\/camptecnologico.com\/inicio\/#organization","name":"Camp Tecnol\u00f3gico","url":"https:\/\/camptecnologico.com\/inicio\/","logo":{"@type":"ImageObject","inLanguage":"es","@id":"https:\/\/camptecnologico.com\/inicio\/#\/schema\/logo\/image\/","url":"https:\/\/camptecnologico.com\/inicio\/wp-content\/uploads\/logo1.jpg","contentUrl":"https:\/\/camptecnologico.com\/inicio\/wp-content\/uploads\/logo1.jpg","width":120,"height":120,"caption":"Camp Tecnol\u00f3gico"},"image":{"@id":"https:\/\/camptecnologico.com\/inicio\/#\/schema\/logo\/image\/"},"sameAs":["https:\/\/www.facebook.com\/camptecnologico\/","https:\/\/x.com\/CampTecnologico","https:\/\/www.instagram.com\/camptecnologico\/","https:\/\/www.linkedin.com\/company\/camptecnol-gico","https:\/\/www.youtube.com\/user\/CampTecologico"]}]}},"_links":{"self":[{"href":"https:\/\/camptecnologico.com\/inicio\/wp-json\/wp\/v2\/pages\/35796","targetHints":{"allow":["GET"]}}],"collection":[{"href":"https:\/\/camptecnologico.com\/inicio\/wp-json\/wp\/v2\/pages"}],"about":[{"href":"https:\/\/camptecnologico.com\/inicio\/wp-json\/wp\/v2\/types\/page"}],"author":[{"embeddable":true,"href":"https:\/\/camptecnologico.com\/inicio\/wp-json\/wp\/v2\/users\/21"}],"replies":[{"embeddable":true,"href":"https:\/\/camptecnologico.com\/inicio\/wp-json\/wp\/v2\/comments?post=35796"}],"version-history":[{"count":43,"href":"https:\/\/camptecnologico.com\/inicio\/wp-json\/wp\/v2\/pages\/35796\/revisions"}],"predecessor-version":[{"id":45954,"href":"https:\/\/camptecnologico.com\/inicio\/wp-json\/wp\/v2\/pages\/35796\/revisions\/45954"}],"wp:featuredmedia":[{"embeddable":true,"href":"https:\/\/camptecnologico.com\/inicio\/wp-json\/wp\/v2\/media\/18054"}],"wp:attachment":[{"href":"https:\/\/camptecnologico.com\/inicio\/wp-json\/wp\/v2\/media?parent=35796"}],"curies":[{"name":"wp","href":"https:\/\/api.w.org\/{rel}","templated":true}]}}