




{"id":18272,"date":"2016-03-16T13:44:27","date_gmt":"2016-03-16T12:44:27","guid":{"rendered":"https:\/\/camptecnologico.com\/inicio\/?page_id=18272"},"modified":"2020-05-22T23:30:45","modified_gmt":"2020-05-22T22:30:45","slug":"bilbao-alojamiento","status":"publish","type":"page","link":"https:\/\/camptecnologico.com\/inicio\/campamentos-de-verano\/bilbao-alojamiento\/","title":{"rendered":"&#x2600;&#xfe0f; Campamentos de Rob\u00f3tica y Surf con alojamiento en Bilbao &#8211; Verano 2020 &#x1f3c4;"},"content":{"rendered":"<script>\r\n    sessionStorage.campus=5830;\r\n<\/script>\r\n\r\n<style type=\"text\/css\">\r\n#descripcion {\r\n    margin-top: 50px;\r\n}\r\n#descripcion .fourcol.column {\r\n    float: left;\r\n    display: block;\r\n}\r\n.column {  \r\n    margin-right: 2.6%;\r\n    display: inline-grid;float: none;}\r\n<\/style>\r\n<!--------------------------------------------------------------------------------------------------------->\r\n\r\n\r\n\r\n\r\n<!--\r\n<div class=\"row\" style=\"margin-bottom:10px\">\r\n\r\n    <div style=\"text-align: center; margin: 0px 0px 20px 0px; \"\r\n        <p><spam style=\"color:#CC0000;font-weight: bold; font-size: 2.0em;\">ATENCI\u00d3N:<\/spam> \r\n        <spam style=\"font-size: 2.0em;\">Realiza la inscripci\u00f3n <strong>ahora<\/strong> con todas las promociones vigentes y <br \/><strong>\u00a1\u00a1\u00a1 no pagues hasta el 1 de junio !!!<\/strong>.<\/spam>\r\n    <\/div>\r\n\r\n   <p>Se posiciona como el Campamento estrella a\u00f1o tras a\u00f1o. Aprenden <strong>Tecnolog\u00eda<\/strong> a las ma\u00f1anas, y por las tardes estar\u00e1n en plena <strong>costa Vizca\u00edna<\/strong> para aprender y practicar <strong>Surf<\/strong> en un Club de gran prestigio. Esta es la <strong>10\u00aa edici\u00f3n<\/strong> del campamento con alojamiento y Surf, para ni\u00f1os\/as y adolescentes <strong>de 9 a 17<\/strong> a\u00f1os. Por la ma\u00f1ana se trasladan a Bilbao para realizar las actividades tecnol\u00f3gicas que hayan elegido, y despu\u00e9s de comer son trasladados a las instalaciones del Club de surf Pe\u00f1atxuri a la playa de Sopelana para disfrutar la tarde de Surf con los monitores de la escuela y a continuaci\u00f3n trasladarse a las instalaciones del Club en Sopelana donde se alojan.<\/p>\r\n\r\n    <p>A continuaci\u00f3n tienes las caracter\u00edsticas del Campamento. En cualquier caso, estamos a tu disposici\u00f3n para cualquier duda:  \r\n<a href=\"mailto:info@camptecnologico.com\"><i class=\"fa fa-envelope-o\" aria-hidden=\"true\"><\/i> info@camptecnologico.com<\/a> | <a href=\"tel:+34686510900\"><i class=\"fa fa-phone\" aria-hidden=\"true\"><\/i> 686 510 900<\/a><\/p>\r\n\r\n    <h3>Tecnolog\u00eda, Surf y Naturaleza<\/h3>\r\n\r\n    <p>En un entorno privilegiado a 17 km de Bilbao, en plena costa vizcaina en la playa del municipio Sopelana, estar\u00e1n alojados en las instalaciones gestionadas por el Club de Surf Pukas Pe\u00f1atxuri.<\/p>\r\n\r\n<p>A partir del domingo 21 de junio y durante 5 semanas naturales hasta el viernes 24 de julio, arranca <strong>Explorer Camp<\/strong>, un campamento de verano con alojamiento, tecnol\u00f3gico e innovador de 9 a 17 a\u00f1os. Se contratan las semanas naturales que se desee, siempre de domingo a viernes.<\/p>\r\n\r\n    <p style=\"text-align:center; font-size:large; color:#000000;margin-top:20px;margin-bottom:10px;\">\r\n        <strong>En este v\u00eddeo puedes conocer algo de lo que encontrar\u00e1s en este campamento<\/strong>\r\n<center><iframe loading=\"lazy\" width=\"560\" height=\"315\" src=\"https:\/\/www.youtube.com\/embed\/TmZJwEN28r0\" frameborder=\"0\" allow=\"accelerometer; autoplay; encrypted-media; gyroscope; picture-in-picture\" allowfullscreen><\/iframe><\/center>\r\n\r\n\r\n------------------- NO VALE -----------------------\r\n       <iframe loading=\"lazy\" width=\"720\" height=\"411\" src=\"https:\/\/www.youtube.com\/embed\/NGzYEQPKHZc\" frameborder=\"0\" \r\n                allow=\"accelerometer; autoplay; encrypted-media; gyroscope; picture-in-picture\" allowfullscreen><\/iframe>\r\n--------------------------------------------------\r\n\r\n\r\n    <\/p>\r\n\r\n    <div class=\"sixcol column\" style=\"margin: 0px 0px 0px 0px\">\r\n       <center>[caption id=\"attachment_12008\" align=\"alignnone\" width=\"300\"]\r\n            <img loading=\"lazy\" decoding=\"async\" src=\"https:\/\/camptecnologico.com\/inicio\/wp-content\/uploads\/2016\/03\/bilbao-genious.jpg\" \r\n                 alt=\"campamento, tecnologia, bilbao, sopela, robotica educativa, ninos, adolescentes, programacion, alojamiento, bizkaia, vizcaya\" \r\n                 width=\"300\" height=\"212\" class=\"alignleft size-full wp-image-18372\" srcset=\"https:\/\/camptecnologico.com\/inicio\/wp-content\/uploads\/2016\/03\/bilbao-genious.jpg 300w, https:\/\/camptecnologico.com\/inicio\/wp-content\/uploads\/2016\/03\/bilbao-genious-150x106.jpg 150w, https:\/\/camptecnologico.com\/inicio\/wp-content\/uploads\/2016\/03\/bilbao-genious-224x158.jpg 224w, https:\/\/camptecnologico.com\/inicio\/wp-content\/uploads\/2016\/03\/bilbao-genious-170x120.jpg 170w, https:\/\/camptecnologico.com\/inicio\/wp-content\/uploads\/2016\/03\/bilbao-genious-113x80.jpg 113w\" sizes=\"auto, (max-width: 300px) 100vw, 300px\" \/>Colegio Jesuitas y Universidad de Deusto\r\n       [\/caption]<\/center>\r\n\r\n       <p>Desde la base de Sopelana, de lunes a viernes por las ma\u00f1anas un autob\u00fas les recoge y traslada a <strong>BILBAO<\/strong> para realizar los <strong>talleres de tecnolog\u00eda<\/strong> \r\n          elegidos. En las actividades que se realizan durante la ma\u00f1ana en horario de 09:00 a 14:00 disfrutar\u00e1n de la tecnolog\u00eda, aprendiendo herramientas que les har\u00e1n ser capaces de \r\n          desarrollar sus propios proyectos en el \u00e1rea de rob\u00f3tica, programaci\u00f3n de videojuegos, Impresi\u00f3n 3D, Unity o Minecraft.<\/p>\r\n    <\/div>\r\n\r\n    <div class=\"sixcol column last\" style=\"margin: 0px 0px 0px 0px\">\r\n        <center>[caption id=\"attachment_12008\" align=\"alignnone\" width=\"300\"]\r\n            <img loading=\"lazy\" decoding=\"async\" src=\"https:\/\/camptecnologico.com\/inicio\/wp-content\/uploads\/pe\u00f1a-atxuri-350x259.jpg\" \r\n                 alt=\"\" width=\"350\" height=\"259\" class=\"alignnone size-talleres wp-image-40996\" srcset=\"https:\/\/camptecnologico.com\/inicio\/wp-content\/uploads\/pe\u00f1a-atxuri-350x259.jpg 350w, https:\/\/camptecnologico.com\/inicio\/wp-content\/uploads\/pe\u00f1a-atxuri-768x569.jpg 768w, https:\/\/camptecnologico.com\/inicio\/wp-content\/uploads\/pe\u00f1a-atxuri-318x236.jpg 318w, https:\/\/camptecnologico.com\/inicio\/wp-content\/uploads\/pe\u00f1a-atxuri-162x120.jpg 162w, https:\/\/camptecnologico.com\/inicio\/wp-content\/uploads\/pe\u00f1a-atxuri-150x111.jpg 150w, https:\/\/camptecnologico.com\/inicio\/wp-content\/uploads\/pe\u00f1a-atxuri-745x552.jpg 745w, https:\/\/camptecnologico.com\/inicio\/wp-content\/uploads\/pe\u00f1a-atxuri-113x84.jpg 113w, https:\/\/camptecnologico.com\/inicio\/wp-content\/uploads\/pe\u00f1a-atxuri-302x224.jpg 302w, https:\/\/camptecnologico.com\/inicio\/wp-content\/uploads\/pe\u00f1a-atxuri-368x273.jpg 368w, https:\/\/camptecnologico.com\/inicio\/wp-content\/uploads\/pe\u00f1a-atxuri-420x311.jpg 420w, https:\/\/camptecnologico.com\/inicio\/wp-content\/uploads\/pe\u00f1a-atxuri-738x547.jpg 738w, https:\/\/camptecnologico.com\/inicio\/wp-content\/uploads\/pe\u00f1a-atxuri.jpg 810w\" sizes=\"auto, (max-width: 350px) 100vw, 350px\" \/>Actividades de Playa[\/caption]<\/center>\r\n\r\n        <p>Despu\u00e9s de comer el autob\u00fas les recoge y los traslada directos a la playa. All\u00ed hacen actividades de <strong>surf<\/strong>, <strong>bodyboard<\/strong> en \r\n           el <a href=\"http:\/\/www.escueladesurfsopelana.com\/\" target=\"_blank\" rel=\"noopener noreferrer\">Club de Surf Pukas Pe\u00f1atxuri<\/a>. Al acabar van al alojamiento para descansar \r\n           con tiempo libre y cenar. Habr\u00e1 cenas al aire libre, barbacoas y tiempo de juegos y relax en un entorno inmejorable.<\/p>\r\n    <\/div>\r\n------------------- NO VALE -----------------------\r\n    <div class=\"fourcol column\">\r\n        <img loading=\"lazy\" decoding=\"async\" src=\"https:\/\/camptecnologico.com\/inicio\/wp-content\/uploads\/Sopelana2-350x263.jpg\" alt=\"\" width=\"350\" height=\"263\" class=\"alignnone size-talleres wp-image-40994\" srcset=\"https:\/\/camptecnologico.com\/inicio\/wp-content\/uploads\/Sopelana2-350x263.jpg 350w, https:\/\/camptecnologico.com\/inicio\/wp-content\/uploads\/Sopelana2-768x576.jpg 768w, https:\/\/camptecnologico.com\/inicio\/wp-content\/uploads\/Sopelana2-318x239.jpg 318w, https:\/\/camptecnologico.com\/inicio\/wp-content\/uploads\/Sopelana2-160x120.jpg 160w, https:\/\/camptecnologico.com\/inicio\/wp-content\/uploads\/Sopelana2-150x113.jpg 150w, https:\/\/camptecnologico.com\/inicio\/wp-content\/uploads\/Sopelana2-745x559.jpg 745w, https:\/\/camptecnologico.com\/inicio\/wp-content\/uploads\/Sopelana2-113x85.jpg 113w, https:\/\/camptecnologico.com\/inicio\/wp-content\/uploads\/Sopelana2-302x227.jpg 302w, https:\/\/camptecnologico.com\/inicio\/wp-content\/uploads\/Sopelana2-368x276.jpg 368w, https:\/\/camptecnologico.com\/inicio\/wp-content\/uploads\/Sopelana2-420x315.jpg 420w, https:\/\/camptecnologico.com\/inicio\/wp-content\/uploads\/Sopelana2-738x554.jpg 738w, https:\/\/camptecnologico.com\/inicio\/wp-content\/uploads\/Sopelana2.jpg 800w\" sizes=\"auto, (max-width: 350px) 100vw, 350px\" \/>\r\n    <\/div>\r\n    <div class=\"fourcol column\">\r\n        <img loading=\"lazy\" decoding=\"async\" src=\"https:\/\/camptecnologico.com\/inicio\/wp-content\/uploads\/Sopelana1-350x263.jpg\" alt=\"\" width=\"350\" height=\"263\" class=\"alignnone size-talleres wp-image-40994\" \/>\r\n    <\/div>\r\n    <div class=\"fourcol column last\">\r\n        <img loading=\"lazy\" decoding=\"async\" src=\"https:\/\/camptecnologico.com\/inicio\/wp-content\/uploads\/Sopelana3-350x263.jpg\" alt=\"\" width=\"350\" height=\"263\" class=\"alignnone size-talleres wp-image-40994\" \/>\r\n    <\/div>\r\n    <div class=\"clear\"><\/div>\r\n-----------------------------------------------\r\n\r\n    <p><br \/>(*) Los fines de semana s\u00e1bados, domingos y festivos, que coincidan entre semana, no hay actvidades de taller de tecnolog\u00eda y se disfruta toda la jornada en la playa de Sopelana.<\/p>\r\n\r\n<\/div>\r\n\r\n<div class=\"row\" style=\"padding-bottom:10px;\">\r\n<hr \/>\r\n    <div class=\"threecol column\" align=\"right\">\r\n        <strong>Nuestros talleres se segmentan en:<\/strong>\r\n    <\/div>\r\n    <div class=\"threecol column\">\r\n        <ul>\r\n            <li> <span class=\"segmento_genius\">&nbsp;Genius: 4\u00ba-6\u00ba Primaria y 1\u00ba-2\u00ba ESO&nbsp;<\/span><\/li>\r\n        <\/ul>   \r\n    <\/div>\r\n    <div class=\"threecol column\">\r\n        <ul>\r\n            <li> <span class=\"segmento_explorer\">&nbsp;Explorer: 1\u00ba ESO en adelante&nbsp;<\/span><\/li>\r\n        <\/ul>   \r\n    <\/div>\r\n    <div class=\"twocol column last\">\r\n        <p style=\"color: #FF2200; font-weight: bold; font-size: 150%;text-align:right;\">\r\n            <a href=\"#infor_general\">Informaci\u00f3n General<\/a>\r\n        <\/p>\r\n    <\/div>\r\n<\/div>\r\n\r\n-- microfichas --\r\n<div class=\"minifichas\">\r\n    <div class=\"row\">\r\n        <center>\r\n            [wpv-view name=\"talleres-bilbao-alojamiento-verano-microficha\"]\r\n\r\n             <a href=\"https:\/\/camptecnologico.com\/inicio\/inscripcion\/\" class=\"button large primary\" rel=\"nofollow\">\r\n                   <i class=\"fa fa-calendar\" aria-hidden=\"true\"><\/i> Calendario e <i class=\"fa fa-paper-plane\" aria-hidden=\"true\"><\/i> inscripci\u00f3n<\/a>\r\n        <\/center>\r\n    <\/div>\r\n<\/div>\r\n\r\n\r\n-- informaci\u00f3n general --\r\n<div style=\"background-color:#58ACFA; color:#FFFFFF\">\r\n    <div class=\"row\">\r\n        <p id=\"infor_general\" style=\"margin-top:0px; padding-top:0px; font-size:50%\">&nbsp;<\/p>\r\n        <h2>Informaci\u00f3n General<\/h2>\r\n        <div class=\"fourcol column\">\r\n            <h3><i class=\"fa fa-calendar\"><\/i> Fechas<\/h3>\r\n            <strong>De domingo a viernes.<\/strong>\r\n            <ul>\r\n               <li>Semana 1: Del 21 al 26 de junio<\/li>\r\n               <li>Semana 2: Del 28 de junio al 3 de julio<\/li>\r\n               <li>Semana 3: Del 5 al 10 de julio<\/li>\r\n               <li>Semana 4: Del 12 al 17 de julio<\/li>\r\n               <li>Semana 5: Del 19 al 24 de julio<\/li>\r\n            <\/ul>\r\n\r\n            <h4><i class=\"fa fa-clock-o\" aria-hidden=\"true\"><\/i> Horario<\/h4>\r\n            <ul>\r\n               <li>Entrada domingo a partir de las 17:00<\/li>        \r\n               <li>Salida viernes tr\u00e1s comer y actividad de surf, se les puede recoger a los ni\u00f1os a partir de las 18:00<\/li>\r\n            <\/ul>\r\n            <strong>Existe la posibilidad de contratar d\u00edas adicionales:<br \/>\r\n                &nbsp;&nbsp;&nbsp;1 d\u00eda, con entrada el s\u00e1bado anterior.<br \/>\r\n                &nbsp;&nbsp;&nbsp;1 d\u00eda, con salida el s\u00e1bado siguiente.<br \/>\r\n                &nbsp;&nbsp;&nbsp;2 d\u00edas, con salida el domingo siguiente.<\/strong>\r\n            \r\n            <p>&nbsp;<\/p>\r\n\r\n        <\/div>\r\n\r\n        <div class=\"fourcol column\">\r\n            <h3><i class=\"fa fa-map-marker\" aria-hidden=\"true\"><\/i> D\u00f3nde<\/h3>\r\n            <ul>\r\n               <li>ALOJAMIENTO Y CURSO DE SURF:&nbsp;&nbsp;&nbsp;&nbsp;&nbsp;&nbsp;<a href=\"https:\/\/www.google.es\/maps\/place\/Pukas+Pe%C3%B1a+Txuri+Surf+Eskola+-+Escuela+de+Surf+Sopelana\/@43.2998155,-2.876488,12z\/data=!4m5!3m4!1s0xd4e5c401be7ce25:0xa762874961674bf!8m2!3d43.387567!4d-2.9960167?hl=es\" target=\"_blanc\" rel=\"nofollow noopener noreferrer\"> \r\n<span  style=\"color:#00ffff\"> mapa <\/span>  <\/a><br \/>\r\n                    <strong>Surf Eskola Pe\u00f1a Txuri | Surf Camp<\/strong><br \/>\r\n                    &nbsp;&nbsp;&nbsp;&nbsp;&nbsp;&nbsp;<i class=\"fa fa-bed\"><\/i> Playa de Arrietara s\/n, 48600-Sopela, Bizkaia<\/li>\r\n               <li>TALLERES DE TECNOLOG\u00cdA:<br \/>\r\n                     <strong>Universidad de Deusto<\/strong><br \/>\r\n                     &nbsp;&nbsp;&nbsp;&nbsp;&nbsp;&nbsp;<i class=\"fa fa-book\"><\/i>Avd. de las Universidades 24, 48007-Bilbao<br \/>\r\n                     <strong>Colegio Jesuitas de Indautxu<\/strong><br \/>\r\n                     &nbsp;&nbsp;&nbsp;&nbsp;&nbsp;&nbsp;<i class=\"fa fa-book\"><\/i>c\/Doctor Areiltza 32, 48010-Bilbao\r\n               <\/li>\r\n            <\/ul>\r\n\r\n            <iframe loading=\"lazy\" src=\"https:\/\/www.google.com\/maps\/d\/u\/0\/embed?mid=12gfX8AvqER2CZrueSZebBKNptX4\" width=\"350\" height=\"450\">\r\n\r\n            &nbsp;\r\n        <\/iframe><\/div>\r\n\r\n        <div class=\"fourcol column last\">\r\n            <h3><i class=\"fa fa-money\" aria-hidden=\"true\"><\/i> Precios<\/h3>\r\n            <strong>Descuento Campa\u00f1a 10\u00ba aniversario.<\/strong>\r\n            <ul>\r\n                <li>5 d\u00edas de campamento: <span class=\"tachaprecio\">750\u20ac<\/span> <span class=\"precio\"> <strong>650\u20ac<\/strong><\/span><\/li>\r\n            <\/ul>\r\n            <h4>Talleres especiales con regalo:<\/h4>\r\n            <ul>\r\n                <li style=\"margin-bottom:0px;margin-top:0px;\">Drone Master   <span class=\"tachaprecio\">770\u20ac<\/span> <span class=\"precio\"><strong>670\u20ac<\/strong><\/span><\/li>\r\n                <li style=\"margin-bottom:0px;margin-top:0px;\">Game Boy maker <span class=\"tachaprecio\">785\u20ac<\/span> <span class=\"precio\"><strong>685\u20ac<\/strong><\/span><\/li>\r\n            <\/ul> \r\n\r\n            <h3><i class=\"fa fa-money\" aria-hidden=\"true\"><\/i> Descuentos Acumulables<\/h3>\r\n            <ul>\r\n               <li style=\"margin-bottom:0px;margin-top:0px;\">La segunda y tercera semana contratadas: <span class=\"precio\"><strong>-50\u20ac<\/strong><\/span><\/li>\r\n               <li style=\"margin-bottom:0px;margin-top:0px;\">Antig\u00fcos alumnos de Camp Tecnol\u00f3gico: <span class=\"precio\"><strong>-5%<\/strong><\/span><\/li>\r\n               <li style=\"margin-bottom:0px;margin-top:0px;\">Viene con un hermano y\/o amigo: <span class=\"precio\"><strong>-5%<\/strong><\/span> (cada uno)<\/li>\r\n            <\/ul>\r\n\r\n            <h3><i class=\"fa fa-plus-circle\" aria-hidden=\"true\"><\/i> Servicios Adicionales<\/h3>\r\n            <ul>\r\n               <li>Opci\u00f3n TRANSFER, recoger y dejar al asistente en el Aeropuerto de Bilbao-Loiu o en la Central de Autobuses TERMIBUS: <span class=\"precio\"><strong>50\u20ac<\/strong><\/span><\/li>\r\n               <li>D\u00eda adicional de fin de semana: <span class=\"precio\"><strong>70\u20ac\/d\u00eda<\/strong><\/span><\/li>\r\n            <\/ul>\r\n            <p>&nbsp;<\/p>\r\n            \r\n        <\/div>\r\n\r\n------------------- NO VALE -----------------------\r\n        <center>\r\n            <h3>Calendario de talleres en Bilbao-Sopelana con Alojamiento<\/h3>\r\n            <img decoding=\"async\" src=\"https:\/\/camptecnologico.com\/inicio\/wp-content\/uploads\/CalendarioBilbao-SopelanaVerano2019.jpg\" class=\"alignnone size-full wp-image-32836\" \/>\r\n            <p>&nbsp;<\/p>\r\n        <\/center>\r\n-----------------------------------\r\n<center>\r\n\r\n<br \/>\r\n            <a href=\"https:\/\/camptecnologico.com\/inicio\/inscripcion\/\" class=\"button large primary\" rel=\"nofollow\">\r\n                    <i class=\"fa fa-calendar\" aria-hidden=\"true\"><\/i> Calendario e <i class=\"fa fa-paper-plane\" aria-hidden=\"true\"><\/i> inscripci\u00f3n<\/a>\r\n<br \/>\r\n            <span style=\"font-size: 1.7em;color: #FFBF00;\">\r\n                  En caso de coger 2 semanas es <strong>IMPRESCINDIBLE<\/strong> que se contraten los 2 d\u00edas adicionales correspondientes al s\u00e1bado y domingo entre ambas semanas. <br \/>&nbsp;\r\n            <\/span>\r\n           \r\n<\/center>\r\n\r\n\r\n        <div class=\"clear\"><\/div>\r\n\r\n    <\/div> \r\n<\/div>&nbsp;\r\n\r\n-- fichas\r\n<div>\r\n    <h3 class=\"tituloSeccion\" style=\"text-align:center;\">Actividades Tecnol\u00f3gicas<\/h3>\r\n<br \/>\r\n    [wpv-view name=\"talleres-bilbao-alojamiento-verano-ficha\"]\r\n<\/div>\r\n --\r\n<div class=\"row\">\r\n    <hr \/>\r\n    <p>\r\n        <spam style=\"color:#CC0000;font-weight: bold; font-size: 2.0em;\">AVISO:<\/spam> \r\n        <spam style=\"font-size: 1.7em;\">La realizaci\u00f3n de los talleres esta sujeta a alcanzar un grupo m\u00ednimo de asistentes al turno elegido. \r\n           En caso de no ser factible, desde la organizaci\u00f3n les ofreceremos las alternativas existentes.<\/spam>\r\n    <\/p>\r\n<\/div>\r\n\r\n-->\r\n\r\n","protected":false},"excerpt":{"rendered":"","protected":false},"author":21,"featured_media":26779,"parent":6591,"menu_order":0,"comment_status":"open","ping_status":"open","template":"","meta":{"footnotes":"","_links_to":"","_links_to_target":""},"class_list":["post-18272","page","type-page","status-publish","has-post-thumbnail","hentry"],"yoast_head":"<!-- This site is optimized with the Yoast SEO plugin v22.6 - https:\/\/yoast.com\/wordpress\/plugins\/seo\/ -->\n<title>&#x2600;&#xfe0f; Campamentos de Rob\u00f3tica y Surf con alojamiento en Bilbao - Verano 2020 &#x1f3c4;<\/title>\n<meta name=\"description\" content=\"Campamento con alojamiento Bilbao para verano 2019 desde el 23 de Junio al 26 de Julio. Tecnolog\u00eda y surf a partir de 9 a\u00f1os. \u00a1Ap\u00fantales!\" \/>\n<meta name=\"robots\" content=\"noindex, follow, max-snippet:-1, max-image-preview:large, max-video-preview:-1\" \/>\n<meta property=\"og:locale\" content=\"es_ES\" \/>\n<meta property=\"og:type\" content=\"article\" \/>\n<meta property=\"og:title\" content=\"&#x2600;&#xfe0f; Campamentos de Rob\u00f3tica y Surf con alojamiento en Bilbao - Verano 2020 &#x1f3c4;\" \/>\n<meta property=\"og:description\" content=\"Campamento con alojamiento Bilbao para verano 2019 desde el 23 de Junio al 26 de Julio. Tecnolog\u00eda y surf a partir de 9 a\u00f1os. \u00a1Ap\u00fantales!\" \/>\n<meta property=\"og:url\" content=\"https:\/\/camptecnologico.com\/inicio\/campamentos-de-verano\/bilbao-alojamiento\/\" \/>\n<meta property=\"og:site_name\" content=\"Camp Tecnologico\" \/>\n<meta property=\"article:publisher\" content=\"https:\/\/www.facebook.com\/camptecnologico\/\" \/>\n<meta property=\"article:modified_time\" content=\"2020-05-22T22:30:45+00:00\" \/>\n<meta property=\"og:image\" content=\"https:\/\/camptecnologico.com\/inicio\/wp-content\/uploads\/campamento-con-alojamiento.jpg\" \/>\n\t<meta property=\"og:image:width\" content=\"733\" \/>\n\t<meta property=\"og:image:height\" content=\"382\" \/>\n\t<meta property=\"og:image:type\" content=\"image\/jpeg\" \/>\n<meta name=\"twitter:card\" content=\"summary_large_image\" \/>\n<meta name=\"twitter:site\" content=\"@CampTecnologico\" \/>\n<!-- \/ Yoast SEO plugin. -->","yoast_head_json":{"title":"&#x2600;&#xfe0f; Campamentos de Rob\u00f3tica y Surf con alojamiento en Bilbao - Verano 2020 &#x1f3c4;","description":"Campamento con alojamiento Bilbao para verano 2019 desde el 23 de Junio al 26 de Julio. Tecnolog\u00eda y surf a partir de 9 a\u00f1os. \u00a1Ap\u00fantales!","robots":{"index":"noindex","follow":"follow","max-snippet":"max-snippet:-1","max-image-preview":"max-image-preview:large","max-video-preview":"max-video-preview:-1"},"og_locale":"es_ES","og_type":"article","og_title":"&#x2600;&#xfe0f; Campamentos de Rob\u00f3tica y Surf con alojamiento en Bilbao - Verano 2020 &#x1f3c4;","og_description":"Campamento con alojamiento Bilbao para verano 2019 desde el 23 de Junio al 26 de Julio. Tecnolog\u00eda y surf a partir de 9 a\u00f1os. \u00a1Ap\u00fantales!","og_url":"https:\/\/camptecnologico.com\/inicio\/campamentos-de-verano\/bilbao-alojamiento\/","og_site_name":"Camp Tecnologico","article_publisher":"https:\/\/www.facebook.com\/camptecnologico\/","article_modified_time":"2020-05-22T22:30:45+00:00","og_image":[{"width":733,"height":382,"url":"https:\/\/camptecnologico.com\/inicio\/wp-content\/uploads\/campamento-con-alojamiento.jpg","type":"image\/jpeg"}],"twitter_card":"summary_large_image","twitter_site":"@CampTecnologico","schema":{"@context":"https:\/\/schema.org","@graph":[{"@type":"WebPage","@id":"https:\/\/camptecnologico.com\/inicio\/campamentos-de-verano\/bilbao-alojamiento\/","url":"https:\/\/camptecnologico.com\/inicio\/campamentos-de-verano\/bilbao-alojamiento\/","name":"&#x2600;&#xfe0f; Campamentos de Rob\u00f3tica y Surf con alojamiento en Bilbao - Verano 2020 &#x1f3c4;","isPartOf":{"@id":"https:\/\/camptecnologico.com\/inicio\/#website"},"primaryImageOfPage":{"@id":"https:\/\/camptecnologico.com\/inicio\/campamentos-de-verano\/bilbao-alojamiento\/#primaryimage"},"image":{"@id":"https:\/\/camptecnologico.com\/inicio\/campamentos-de-verano\/bilbao-alojamiento\/#primaryimage"},"thumbnailUrl":"https:\/\/camptecnologico.com\/inicio\/wp-content\/uploads\/campamento-con-alojamiento.jpg","datePublished":"2016-03-16T12:44:27+00:00","dateModified":"2020-05-22T22:30:45+00:00","description":"Campamento con alojamiento Bilbao para verano 2019 desde el 23 de Junio al 26 de Julio. Tecnolog\u00eda y surf a partir de 9 a\u00f1os. \u00a1Ap\u00fantales!","breadcrumb":{"@id":"https:\/\/camptecnologico.com\/inicio\/campamentos-de-verano\/bilbao-alojamiento\/#breadcrumb"},"inLanguage":"es","potentialAction":[{"@type":"ReadAction","target":["https:\/\/camptecnologico.com\/inicio\/campamentos-de-verano\/bilbao-alojamiento\/"]}]},{"@type":"ImageObject","inLanguage":"es","@id":"https:\/\/camptecnologico.com\/inicio\/campamentos-de-verano\/bilbao-alojamiento\/#primaryimage","url":"https:\/\/camptecnologico.com\/inicio\/wp-content\/uploads\/campamento-con-alojamiento.jpg","contentUrl":"https:\/\/camptecnologico.com\/inicio\/wp-content\/uploads\/campamento-con-alojamiento.jpg","width":733,"height":382,"caption":"campamento con alojamiento"},{"@type":"BreadcrumbList","@id":"https:\/\/camptecnologico.com\/inicio\/campamentos-de-verano\/bilbao-alojamiento\/#breadcrumb","itemListElement":[{"@type":"ListItem","position":1,"name":"Home","item":"https:\/\/camptecnologico.com\/"},{"@type":"ListItem","position":2,"name":"no vale &#8211; Campamentos de verano","item":"https:\/\/camptecnologico.com\/inicio\/campamentos-con-alojamiento\/"},{"@type":"ListItem","position":3,"name":"&#x2600;&#xfe0f; Campamentos de Rob\u00f3tica y Surf con alojamiento en Bilbao &#8211; Verano 2020 &#x1f3c4;"}]},{"@type":"WebSite","@id":"https:\/\/camptecnologico.com\/inicio\/#website","url":"https:\/\/camptecnologico.com\/inicio\/","name":"Camp Tecnologico","description":"Campamento tecnol\u00f3gico para ni\u00f1os y j\u00f3venes. Tecnolog\u00eda para ni\u00f1os. Minecraft.","publisher":{"@id":"https:\/\/camptecnologico.com\/inicio\/#organization"},"potentialAction":[{"@type":"SearchAction","target":{"@type":"EntryPoint","urlTemplate":"https:\/\/camptecnologico.com\/inicio\/?s={search_term_string}"},"query-input":"required name=search_term_string"}],"inLanguage":"es"},{"@type":"Organization","@id":"https:\/\/camptecnologico.com\/inicio\/#organization","name":"Camp Tecnol\u00f3gico","url":"https:\/\/camptecnologico.com\/inicio\/","logo":{"@type":"ImageObject","inLanguage":"es","@id":"https:\/\/camptecnologico.com\/inicio\/#\/schema\/logo\/image\/","url":"https:\/\/camptecnologico.com\/inicio\/wp-content\/uploads\/logo1.jpg","contentUrl":"https:\/\/camptecnologico.com\/inicio\/wp-content\/uploads\/logo1.jpg","width":120,"height":120,"caption":"Camp Tecnol\u00f3gico"},"image":{"@id":"https:\/\/camptecnologico.com\/inicio\/#\/schema\/logo\/image\/"},"sameAs":["https:\/\/www.facebook.com\/camptecnologico\/","https:\/\/x.com\/CampTecnologico","https:\/\/www.instagram.com\/camptecnologico\/","https:\/\/www.linkedin.com\/company\/camptecnol-gico","https:\/\/www.youtube.com\/user\/CampTecologico"]}]}},"_links":{"self":[{"href":"https:\/\/camptecnologico.com\/inicio\/wp-json\/wp\/v2\/pages\/18272","targetHints":{"allow":["GET"]}}],"collection":[{"href":"https:\/\/camptecnologico.com\/inicio\/wp-json\/wp\/v2\/pages"}],"about":[{"href":"https:\/\/camptecnologico.com\/inicio\/wp-json\/wp\/v2\/types\/page"}],"author":[{"embeddable":true,"href":"https:\/\/camptecnologico.com\/inicio\/wp-json\/wp\/v2\/users\/21"}],"replies":[{"embeddable":true,"href":"https:\/\/camptecnologico.com\/inicio\/wp-json\/wp\/v2\/comments?post=18272"}],"version-history":[{"count":71,"href":"https:\/\/camptecnologico.com\/inicio\/wp-json\/wp\/v2\/pages\/18272\/revisions"}],"predecessor-version":[{"id":46877,"href":"https:\/\/camptecnologico.com\/inicio\/wp-json\/wp\/v2\/pages\/18272\/revisions\/46877"}],"up":[{"embeddable":true,"href":"https:\/\/camptecnologico.com\/inicio\/wp-json\/wp\/v2\/pages\/6591"}],"wp:featuredmedia":[{"embeddable":true,"href":"https:\/\/camptecnologico.com\/inicio\/wp-json\/wp\/v2\/media\/26779"}],"wp:attachment":[{"href":"https:\/\/camptecnologico.com\/inicio\/wp-json\/wp\/v2\/media?parent=18272"}],"curies":[{"name":"wp","href":"https:\/\/api.w.org\/{rel}","templated":true}]}}