




{"id":18218,"date":"2016-03-14T12:30:16","date_gmt":"2016-03-14T11:30:16","guid":{"rendered":"https:\/\/camptecnologico.com\/inicio\/?page_id=18218"},"modified":"2020-07-17T08:20:25","modified_gmt":"2020-07-17T07:20:25","slug":"prensa","status":"publish","type":"page","link":"https:\/\/camptecnologico.com\/inicio\/prensa\/","title":{"rendered":"Hemeroteca"},"content":{"rendered":"<div class=\"row\" style=\"margin-left: 20px;\">\r\n<p>Aparici\u00f3n de Camp Tecnol\u00f3gico en Medios de Comunicaci\u00f3n<\/p>\r\n\r\n<table>\r\n\r\n<tr>\r\n  <td><strong>Medio<\/strong><\/td>\r\n  <td><strong>T\u00edtulo<\/strong><\/td>\r\n  <td><strong>Fecha<\/strong><\/td>\r\n<\/tr>\r\n\r\n<tr>\r\n  <td> El Confidencial<\/td>\r\n  <td><a href=\"https:\/\/www.elconfidencial.com\/espana\/2020-06-29\/normativa-covid-campamentos-verano-ninos_2655372\/\">El miedo a los rebrotes no frena a los padres y dispara los campamentos poscovid<\/a>\u00ab<\/td>\r\n  <td> 26 junio 2020<\/td>\r\n<\/tr>\r\n\r\n<tr> \r\n  <td>RTVE Pa\u00eds Vasco<\/td>\r\n  <td> <a href=\"https:\/\/youtu.be\/gwpDIHPpBag\">Camp Tecnol\u00f3gico con sus novedosos campamentos de \r\n  rob\u00f3tica y programaci\u00f3n en RTVE Pais Vasco: \u00abTelevisi\u00f3n La nueva normalidad ha tra\u00eddo tambi\u00e9n cambios \r\n  a los campus de verano, ahora mitad presenciales, mitad online. Eso permite acceder desde cualquier \r\n  lugar. Hasta 9 campamentos va a organizar @CampTecnologico este verano en toda Espa\u00f1a. El de Bilbao \r\n  ha arrancado ya.\u00bb<\/a><\/td>\r\n  <td>23 junio 2020<\/td>\r\n<\/tr>\r\n\r\n<tr>\r\n  <td>Cadena SER Radio <\/td>\r\n  <td><a href=\"https:\/\/cadenaser.com\/programa\/2020\/06\/19\/hoy_por_hoy\/1592562032_523979.html\"> Camp \r\n  Tecnol\u00f3gico en cadena SER :\u00bbAprender a manejar la tecnolog\u00eda en un campamento\u00bb.<\/a><\/td>\r\n  <td> 19 junio 2020<\/td>\r\n<\/tr>\r\n\r\n<tr>\r\n  <td>El Diario Vasco<\/td>\r\n  <td>\r\n   Evento de Rob\u00f3tica para los m\u00e1s j\u00f3venes organizado por Camp Tecnol\u00f3gico en diferentes localidades. \r\n   <i class=\"fa fa-external-link\"><\/i><\/td>\r\n  <td>Junio 2019<\/td>\r\n<\/tr>\r\n\r\n<tr>\r\n  <td>El Correo<\/td>\r\n  <td><a href=\"https:\/\/www.elcorreo.com\/sociedad\/aprendices-luces-20190330183340-nt.html\" target=\"_blank\" rel=\"nofollow noopener noreferrer\">\r\nIniciativa \u201cWomen in Progress\u201d del peri\u00f3dico El Correo. Evento dirigido a animar a las ni\u00f1as a introducirse en la tecnolog\u00eda. <i class=\"fa fa-external-link\"><\/i><\/a><\/td>\r\n  <td>Marzo 2019<\/td>\r\n<\/tr>\r\n\r\n<tr>\r\n  <td>EiTB televisi\u00f3n<\/td>\r\n  <td><a href=\"https:\/\/www.eitb.eus\/es\/noticias\/sociedad\/videos\/detalle\/5717984\/video-camp-tecnologico-2018\/\" target=\"_blank\" rel=\"nofollow noopener noreferrer\">\r\nCampamentos de Rob\u00f3tica Verano en EITB televisi\u00f3n. <i class=\"fa fa-external-link\"><\/i><\/a><\/td>\r\n  <td>Julio 2018<\/td>\r\n<\/tr>\r\n\r\n<tr>\r\n  <td>El Pa\u00eds<\/td>\r\n  <td><a href=\"https:\/\/elpais.com\/elpais\/2018\/03\/16\/mamas_papas\/1521201933_330836.html\" target=\"_blank\" rel=\"nofollow noopener noreferrer\">\r\nCampamentos de Rob\u00f3tica Verano. <i class=\"fa fa-external-link\"><\/i><\/a><\/td>\r\n  <td>Marzo 2018<\/td>\r\n<\/tr>\r\n\r\n\r\n<tr>\r\n  <td>Expansi\u00f3n<\/td>\r\n  <td><a href=\"http:\/\/www.expansion.com\/agencia\/europa_press\/2017\/05\/03\/20170503174819.html\" target=\"_blank\" rel=\"nofollow noopener noreferrer\">Camp Tecnol\u00f3gico organiza la cuarta edici\u00f3n de Robotics &#038; Videogames Meeting para acercar la tecnolog\u00eda a los ni\u00f1os <i class=\"fa fa-external-link\"><\/i><\/a><\/td>\r\n  <td>3 mayo 2017<\/td>\r\n<\/tr>\r\n\r\n\r\n\r\n<tr>\r\n  <td>Lola la Mota<\/td>\r\n  <td><a href=\"http:\/\/www.lolalamota.com\/campamentos\" target=\"_blank\" rel=\"nofollow noopener noreferrer\">Campamentos <i class=\"fa fa-external-link\"><\/i><\/a><\/td>\r\n  <td>3 marzo 2017<\/td>\r\n<\/tr>\r\n\r\n<tr>\r\n  <td>El Mundo<\/td>\r\n  <td><a href=\"http:\/\/www.elmundo.es\/sapos-y-princesas\/2016\/09\/14\/57d87a47268e3e0a378b4636.html\" target=\"_blank\" rel=\"nofollow noopener noreferrer\">8 extraescolares que triunfan <i class=\"fa fa-external-link\"><\/i><\/a><\/td>\r\n  <td>14 septiembre 2016<\/td>\r\n<\/tr>\r\n\r\n<tr>\r\n  <td>El Diario Vasco<\/td>\r\n  <td><a href=\"http:\/\/www.diariovasco.com\/bajo-deba\/elgoibar\/201609\/07\/talleres-robotica-abre-aulas-20160907000743-v.html\" target=\"_blank\" rel=\"nofollow noopener noreferrer\">Talleres de Rob\u00f3tica abre sus aulas a ni\u00f1os y j\u00f3venes de 7 a 17 a\u00f1os <i class=\"fa fa-external-link\"><\/i><\/a><\/td>\r\n  <td>7 septiembre 2016<\/td>\r\n<\/tr>\r\n\r\n<tr>\r\n  <td>El Confidencial<\/td>\r\n  <td><a href=\"http:\/\/www.elconfidencial.com\/tecnologia\/2016-06-30\/campamentos-tecnologicos-ninos-aprender-a-programar_1225809\/\" target=\"_blank\" rel=\"nofollow noopener noreferrer\">Por qu\u00e9 miles de ni\u00f1os de toda Espa\u00f1a aprender\u00e1n a programar este verano <i class=\"fa fa-external-link\"><\/i><\/a><\/td>\r\n  <td>28 junio 2016<\/td>\r\n<\/tr>\r\n\r\n<tr>\r\n  <td>Diario Vasco<\/td>\r\n  <td><a href=\"http:\/\/www.diariovasco.com\/bajo-deba\/elgoibar\/201605\/18\/divertido-mundo-robots-20160518010220-v.html\" target=\"_blank\" rel=\"nofollow noopener noreferrer\">El divertido mundo de los robots <i class=\"fa fa-external-link\"><\/i><\/a><\/td>\r\n  <td>18 mayo 2016<\/td>\r\n<\/tr>\r\n\r\n<tr>\r\n  <td>El correo<\/td>\r\n  <td><a href=\"http:\/\/www.elcorreo.com\/bizkaia\/201605\/08\/robots-drones-azkuna-zentroa-20160507231603.html\" target=\"_blank\" rel=\"nofollow noopener noreferrer\">Robots y drones en Azkuna Zentroa <i class=\"fa fa-external-link\"><\/i><\/a><\/td>\r\n  <td>9 mayo 2016<\/td>\r\n<\/tr>\r\n\r\n<tr>\r\n  <td>Educaci\u00f3n 3.0<\/td>\r\n  <td><a href=\"http:\/\/www.educaciontrespuntocero.com\/recursos\/explorer-camp-el-campamento-para-el-aprendizaje-de-tecnologia-en-ingles\/35610.html\" target=\"_blank\" rel=\"nofollow noopener noreferrer\">Explorer Camp, el campamento de verano para el aprendizaje de tecnolog\u00eda en ingl\u00e9s <i class=\"fa fa-external-link\"><\/i><\/a><\/td>\r\n  <td>6 mayo 2016<\/td>\r\n<\/tr>\r\n\r\n<tr>\r\n  <td>Gaceta Tecnol\u00f3gica<\/td>\r\n  <td><a href=\"http:\/\/www.gacetatecnologica.com\/naturaleza-deporte-ingles-y-la-tecnologia-educativa-mas-vanguardista-en-los-english-tech-camp-de-verano\/\" target=\"_blank\" rel=\"nofollow noopener noreferrer\">Naturaleza, deporte, ingl\u00e9s y la tecnolog\u00eda educativa m\u00e1s vanguardista en los English Tech Camp de verano <i class=\"fa fa-external-link\"><\/i><\/a><\/td>\r\n  <td>15 abril 2016<\/td>\r\n<\/tr>\r\n\r\n<tr>\r\n  <td>ComputerWorld<\/td>\r\n  <td><a href=\"http:\/\/www.computerworlduniversity.es\/actualidad\/ingles-y-tecnologia-la-inversion-para-el-campamento-de-verano-ideal\" target=\"_blank\" rel=\"nofollow noopener noreferrer\">Ingl\u00e9s y tecnolog\u00eda la inversi\u00f3n para el campamento de verano ideal <i class=\"fa fa-external-link\"><\/i><\/a><\/td>\r\n  <td>15 abril 2016<\/td>\r\n<\/tr>\r\n \r\n<tr>\r\n  <td>El Nervi\u00f3n<\/td>\r\n  <td><a href=\"http:\/\/www.elcorreo.com\/alava\/araba\/201603\/07\/secretos-luces-zapatillas-20160307082400.html\" target=\"_blank\" rel=\"nofollow noopener noreferrer\">Campamentos Semana Santa y Verano 2016 <i class=\"fa fa-external-link\"><\/i><\/a><\/td>\r\n  <td>14 marzo 2016<\/td>\r\n<\/tr>\r\n\r\n<tr>\r\n  <td>El Correo<\/td>\r\n  <td><a href=\"https:\/\/camptecnologico.com\/inicio\/wp-content\/uploads\/2016\/03\/2016-03-14-camp-tecnologico-el-nervion-.pdf\" target=\"_blank\" rel=\"nofollow noopener noreferrer\">Los secretos de la luces en las zapatillas <i class=\"fa fa-external-link\"><\/i><\/a><\/td>\r\n  <td>07 marzo 2016<\/td>\r\n<\/tr>\r\n\r\n<tr>\r\n  <td>El Correo<\/td>\r\n  <td><a href=\"http:\/\/www.elcorreo.com\/bizkaia\/araba\/201602\/29\/jornada-sobre-mujer-tecnologia-20160229104322.html\" target=\"_blank\" rel=\"nofollow noopener noreferrer\">Women in Progress 2016 <i class=\"fa fa-external-link\"><\/i><\/a><\/td>\r\n  <td>29 febrero 2016<\/td>\r\n<\/tr>\r\n <tr>\r\n  <td>El Economista<\/td>\r\n  <td><a href=\"https:\/\/www.eleconomista.es\/empresas-finanzas\/noticias\/6711296\/05\/15\/COMUNICADO-Camp-Tecnologico-formara-a-3000-ninos-y-adolescentes-de-6-comunidades-en-los-campamentos-urbanos-de-verano.html\" target=\"_blank\" rel=\"nofollow noopener noreferrer\">Campamentos verano para m\u00e1s de 3000 ni\u00f1os <i class=\"fa fa-external-link\"><\/i><\/a><\/td>\r\n  <td>Mayo 2015<\/td>\r\n<\/tr>\r\n<\/table>\r\n<\/div>","protected":false},"excerpt":{"rendered":"Aparici\u00f3n de Camp Tecnol\u00f3gico en Medios de Comunicaci\u00f3n Medio T\u00edtulo Fecha El Confidencial El miedo a los rebrotes no frena a los padres y dispara los campamentos poscovid\u00ab 26 junio 2020 RTVE Pa\u00eds Vasco Camp Tecnol\u00f3gico con sus novedosos campamentos de rob\u00f3tica y programaci\u00f3n en RTVE Pais Vasco: \u00abTelevisi\u00f3n La nueva normalidad ha tra\u00eddo tambi\u00e9n [&hellip;]","protected":false},"author":27,"featured_media":18054,"parent":0,"menu_order":0,"comment_status":"closed","ping_status":"closed","template":"","meta":{"footnotes":"","_links_to":"","_links_to_target":""},"class_list":["post-18218","page","type-page","status-publish","has-post-thumbnail","hentry"],"yoast_head":"<!-- This site is optimized with the Yoast SEO plugin v22.6 - https:\/\/yoast.com\/wordpress\/plugins\/seo\/ -->\n<title>Hemeroteca | Camp Tecnologico<\/title>\n<meta name=\"description\" content=\"Listado de las apariciones de Camp Tecnol\u00f3gico en medios de comunicaci\u00f3n haci\u00e9ndose eco de eventos, Tecnolog\u00eda Educativa que desarrollamos, innovaci\u00f3n, etc.\" \/>\n<meta name=\"robots\" content=\"noindex, nofollow\" \/>\n<meta property=\"og:locale\" content=\"es_ES\" \/>\n<meta property=\"og:type\" content=\"article\" \/>\n<meta property=\"og:title\" content=\"Hemeroteca | Camp Tecnologico\" \/>\n<meta property=\"og:description\" content=\"Listado de las apariciones de Camp Tecnol\u00f3gico en medios de comunicaci\u00f3n haci\u00e9ndose eco de eventos, Tecnolog\u00eda Educativa que desarrollamos, innovaci\u00f3n, etc.\" \/>\n<meta property=\"og:url\" content=\"https:\/\/camptecnologico.com\/inicio\/prensa\/\" \/>\n<meta property=\"og:site_name\" content=\"Camp Tecnologico\" \/>\n<meta property=\"article:publisher\" content=\"https:\/\/www.facebook.com\/camptecnologico\/\" \/>\n<meta property=\"article:modified_time\" content=\"2020-07-17T07:20:25+00:00\" \/>\n<meta property=\"og:image\" content=\"https:\/\/camptecnologico.com\/inicio\/wp-content\/uploads\/2016\/03\/semansantacamp.png\" \/>\n\t<meta property=\"og:image:width\" content=\"368\" \/>\n\t<meta property=\"og:image:height\" content=\"350\" \/>\n\t<meta property=\"og:image:type\" content=\"image\/png\" \/>\n<meta name=\"twitter:card\" content=\"summary_large_image\" \/>\n<meta name=\"twitter:site\" content=\"@CampTecnologico\" \/>\n<meta name=\"twitter:label1\" content=\"Tiempo de lectura\" \/>\n\t<meta name=\"twitter:data1\" content=\"2 minutos\" \/>\n<!-- \/ Yoast SEO plugin. -->","yoast_head_json":{"title":"Hemeroteca | Camp Tecnologico","description":"Listado de las apariciones de Camp Tecnol\u00f3gico en medios de comunicaci\u00f3n haci\u00e9ndose eco de eventos, Tecnolog\u00eda Educativa que desarrollamos, innovaci\u00f3n, etc.","robots":{"index":"noindex","follow":"nofollow"},"og_locale":"es_ES","og_type":"article","og_title":"Hemeroteca | Camp Tecnologico","og_description":"Listado de las apariciones de Camp Tecnol\u00f3gico en medios de comunicaci\u00f3n haci\u00e9ndose eco de eventos, Tecnolog\u00eda Educativa que desarrollamos, innovaci\u00f3n, etc.","og_url":"https:\/\/camptecnologico.com\/inicio\/prensa\/","og_site_name":"Camp Tecnologico","article_publisher":"https:\/\/www.facebook.com\/camptecnologico\/","article_modified_time":"2020-07-17T07:20:25+00:00","og_image":[{"width":368,"height":350,"url":"https:\/\/camptecnologico.com\/inicio\/wp-content\/uploads\/2016\/03\/semansantacamp.png","type":"image\/png"}],"twitter_card":"summary_large_image","twitter_site":"@CampTecnologico","twitter_misc":{"Tiempo de lectura":"2 minutos"},"schema":{"@context":"https:\/\/schema.org","@graph":[{"@type":"WebPage","@id":"https:\/\/camptecnologico.com\/inicio\/prensa\/","url":"https:\/\/camptecnologico.com\/inicio\/prensa\/","name":"Hemeroteca | Camp Tecnologico","isPartOf":{"@id":"https:\/\/camptecnologico.com\/inicio\/#website"},"primaryImageOfPage":{"@id":"https:\/\/camptecnologico.com\/inicio\/prensa\/#primaryimage"},"image":{"@id":"https:\/\/camptecnologico.com\/inicio\/prensa\/#primaryimage"},"thumbnailUrl":"https:\/\/camptecnologico.com\/inicio\/wp-content\/uploads\/2016\/03\/semansantacamp.png","datePublished":"2016-03-14T11:30:16+00:00","dateModified":"2020-07-17T07:20:25+00:00","description":"Listado de las apariciones de Camp Tecnol\u00f3gico en medios de comunicaci\u00f3n haci\u00e9ndose eco de eventos, Tecnolog\u00eda Educativa que desarrollamos, innovaci\u00f3n, etc.","breadcrumb":{"@id":"https:\/\/camptecnologico.com\/inicio\/prensa\/#breadcrumb"},"inLanguage":"es","potentialAction":[{"@type":"ReadAction","target":["https:\/\/camptecnologico.com\/inicio\/prensa\/"]}]},{"@type":"ImageObject","inLanguage":"es","@id":"https:\/\/camptecnologico.com\/inicio\/prensa\/#primaryimage","url":"https:\/\/camptecnologico.com\/inicio\/wp-content\/uploads\/2016\/03\/semansantacamp.png","contentUrl":"https:\/\/camptecnologico.com\/inicio\/wp-content\/uploads\/2016\/03\/semansantacamp.png","width":368,"height":350,"caption":"Semana Santa, Camp, Tecnologico, robotica educativa, programacion, talleres, cursos, ni\u00f1os, adolescentes"},{"@type":"BreadcrumbList","@id":"https:\/\/camptecnologico.com\/inicio\/prensa\/#breadcrumb","itemListElement":[{"@type":"ListItem","position":1,"name":"Home","item":"https:\/\/camptecnologico.com\/"},{"@type":"ListItem","position":2,"name":"Hemeroteca"}]},{"@type":"WebSite","@id":"https:\/\/camptecnologico.com\/inicio\/#website","url":"https:\/\/camptecnologico.com\/inicio\/","name":"Camp Tecnologico","description":"Campamento tecnol\u00f3gico para ni\u00f1os y j\u00f3venes. Tecnolog\u00eda para ni\u00f1os. Minecraft.","publisher":{"@id":"https:\/\/camptecnologico.com\/inicio\/#organization"},"potentialAction":[{"@type":"SearchAction","target":{"@type":"EntryPoint","urlTemplate":"https:\/\/camptecnologico.com\/inicio\/?s={search_term_string}"},"query-input":"required name=search_term_string"}],"inLanguage":"es"},{"@type":"Organization","@id":"https:\/\/camptecnologico.com\/inicio\/#organization","name":"Camp Tecnol\u00f3gico","url":"https:\/\/camptecnologico.com\/inicio\/","logo":{"@type":"ImageObject","inLanguage":"es","@id":"https:\/\/camptecnologico.com\/inicio\/#\/schema\/logo\/image\/","url":"https:\/\/camptecnologico.com\/inicio\/wp-content\/uploads\/logo1.jpg","contentUrl":"https:\/\/camptecnologico.com\/inicio\/wp-content\/uploads\/logo1.jpg","width":120,"height":120,"caption":"Camp Tecnol\u00f3gico"},"image":{"@id":"https:\/\/camptecnologico.com\/inicio\/#\/schema\/logo\/image\/"},"sameAs":["https:\/\/www.facebook.com\/camptecnologico\/","https:\/\/x.com\/CampTecnologico","https:\/\/www.instagram.com\/camptecnologico\/","https:\/\/www.linkedin.com\/company\/camptecnol-gico","https:\/\/www.youtube.com\/user\/CampTecologico"]}]}},"_links":{"self":[{"href":"https:\/\/camptecnologico.com\/inicio\/wp-json\/wp\/v2\/pages\/18218","targetHints":{"allow":["GET"]}}],"collection":[{"href":"https:\/\/camptecnologico.com\/inicio\/wp-json\/wp\/v2\/pages"}],"about":[{"href":"https:\/\/camptecnologico.com\/inicio\/wp-json\/wp\/v2\/types\/page"}],"author":[{"embeddable":true,"href":"https:\/\/camptecnologico.com\/inicio\/wp-json\/wp\/v2\/users\/27"}],"replies":[{"embeddable":true,"href":"https:\/\/camptecnologico.com\/inicio\/wp-json\/wp\/v2\/comments?post=18218"}],"version-history":[{"count":22,"href":"https:\/\/camptecnologico.com\/inicio\/wp-json\/wp\/v2\/pages\/18218\/revisions"}],"predecessor-version":[{"id":47936,"href":"https:\/\/camptecnologico.com\/inicio\/wp-json\/wp\/v2\/pages\/18218\/revisions\/47936"}],"wp:featuredmedia":[{"embeddable":true,"href":"https:\/\/camptecnologico.com\/inicio\/wp-json\/wp\/v2\/media\/18054"}],"wp:attachment":[{"href":"https:\/\/camptecnologico.com\/inicio\/wp-json\/wp\/v2\/media?parent=18218"}],"curies":[{"name":"wp","href":"https:\/\/api.w.org\/{rel}","templated":true}]}}