




{"id":14209,"date":"2015-08-27T11:51:44","date_gmt":"2015-08-27T10:51:44","guid":{"rendered":"https:\/\/camptecnologico.com\/inicio\/?page_id=14209"},"modified":"2020-02-20T19:28:19","modified_gmt":"2020-02-20T18:28:19","slug":"vitoria-gasteiz","status":"publish","type":"page","link":"https:\/\/camptecnologico.com\/inicio\/club-fin-de-semana\/vitoria-gasteiz\/","title":{"rendered":"Club Tecnol\u00f3gico Fin de Semana en Vitoria &#8211; UPV &#8211; Curso 2019-20"},"content":{"rendered":"<script>\r\n    sessionStorage.campus=5250;\r\n<\/script>\r\n\r\n<div class=\"row\">\r\n    <p style=\"color: #FF2200; font-weight: bold; font-size: 200%;text-align:center;margin-top:20px\">\r\n        <a href=\"#infor_general\">Informaci\u00f3n de Fechas, Horarios, Precios y Descuentos<\/a>\r\n    <\/p>\r\n\r\n    [wpv-view name=\u00bbclubs-vitoria-upv\u00bb]\r\n\r\n    <p id=\"infor_general\" style=\"margin-top:0px; padding-top:0px; font-size:10%\">&nbsp;<\/p>\r\n<br \/><br \/><br \/><br \/><br \/><br \/><br \/>\r\n    <div id=\"descripcion\">\r\n        <div>\r\n            <h3 class=\"tituloSeccion\">Informaci\u00f3n General<\/h3>\r\n            <p>Los alumnos que ya hayan estado en los clubs del fin de semana o en campamentos el a\u00f1o anterior, realizar\u00e1n proyectos y actividades espec\u00edficas a su nivel.<\/p>\r\n        <\/div>\r\n        <div class=\"clear\" style=\"height: 20px;\"><\/div>\r\n\r\n        <div>\r\n            <h3><i class=\"fa fa-map-marker\"><\/i> D\u00f3nde<\/h3>\r\n            <p>El <strong>Club Fin de Semana<\/strong> en Vitoria que se imparte en <a href=\"https:\/\/www.google.com\/maps?ll=42.838765,-2.673982&amp;z=16&amp;t=m&amp;hl=es-ES&amp;gl=ES&amp;mapclient=embed&amp;q=UPV\/EHU+Escuela+de+Ingenieros+de+Vitoria+%E2%80%93+Gasteiz+Nieves+Cano,+12+%E2%80%93+01006+Vitoria+%E2%80%93+Gasteiz\" rel=\"nofollow\">UPV\/EHU Escuela de Ingenieros de Vitoria \u2013 Gasteiz<\/a> (Nieves Cano, 12 \u2013 01006 Vitoria \u2013 Gasteiz)\r\n\r\n               <img loading=\"lazy\" decoding=\"async\" src=\"https:\/\/camptecnologico.com\/inicio\/wp-content\/uploads\/2016\/02\/campamento-vitoria-programacion.jpg\" width=\"110\" height=\"110\" \/>\r\n            <\/p>\r\n        <\/div>\r\n        <div class=\"clear\"><\/div>\r\n\r\n        <div class=\"fourcol column\">\r\n            <h3><i class=\"fa fa-money\" aria-hidden=\"true\"><\/i> Precios<\/h3> \r\n            <p>Descuento Campa\u00f1a 10\u00ba aniversario<\/p>\r\n            <ul>\r\n    \t        <li>Club Unity: <span class=\"tachaprecio\">70\u20ac\/mes<\/span> <span style=\"font-size: 1.7em;\"> <strong>63\u20ac\/mes<\/strong><\/span><\/li>\r\n                <li>Club Maker: <span class=\"tachaprecio\">85\u20ac\/mes<\/span> <span style=\"font-size: 1.7em;\"> <strong>77\u20ac\/mes<\/strong><\/span><\/li>\r\n            <\/ul>\r\n            <p style=\"font-size: 1.5em;color:#0000FF;\">Cuota fija durante todo el curso.<\/p>\r\n        <\/div>\r\n        <div class=\"fourcol column\">\r\n            <h3><i class=\"fa fa-money\" aria-hidden=\"true\"><\/i> Descuentos adicionales<\/h3>\r\n            <ul>\r\n \t        <li>Plan Gaztedi-Kutxabank: <strong>-10%<\/strong><\/li>\r\n \t        <li>Antiguos alumnos: <strong>-10%<\/strong><\/li>\r\n            <\/ul>\r\n        <\/div>\r\n        <div class=\"fourcol column last\">\r\n            <h3><i class=\"fa fa-university\" aria-hidden=\"true\"><\/i> Forma de pago<\/h3>\r\n            <p>Domiciliaci\u00f3n bancaria (d\u00eda 10 de cada mes)<\/p>\r\n            <ul>\r\n               <li>1\u00ba trimestre curso 2019-20,<br \/>&nbsp;&nbsp;&nbsp;&nbsp;&nbsp;<strong>3 recibos de Octubre a Diciembre<\/strong><\/li>\r\n               <li>2\u00ba y 3\u00ba trimestre curso 2019-20,<br \/>&nbsp;&nbsp;&nbsp;&nbsp;&nbsp;<strong>6 recibos de Enero a Junio<\/strong><\/li>\r\n            <\/ul>\r\n        <\/div>\r\n        <div class=\"clear\"><\/div>\r\n\r\n<hr \/>\r\n\r\n        <div class=\"eightcol column\" style=\"text-align:center;\">\r\n            <h3><i class=\"fa fa-calendar\"><\/i> Fechas<\/h3>\r\n                <img loading=\"lazy\" decoding=\"async\" src=\"https:\/\/camptecnologico.com\/inicio\/wp-content\/uploads\/Calendario_Vitoria_UPV.jpg\" alt=\"\" width=\"878\" height=\"492\" \/>\r\n        <\/div>\r\n\r\n        <div class=\"fourcol column last\">\r\n            <h3><i class=\"fa fa-clock-o\" aria-hidden=\"true\"><\/i> Horario<\/h3>\r\n            <ul>\r\n \t        <li>Viernes tarde: de 18:00 a 20:00h<\/li>\r\n            <\/ul>\r\n            <p style=\"margin-top: 40px; text-align:center;\">\r\n                <a class=\"button large primary\" href=\"https:\/\/camptecnologico.com\/inicio\/inscripcion-clubs\/\" title=\"Incripci\u00f3n Club Tecnol\u00f3gico\">\r\n                     <i class=\"fa fa-location-arrow\" aria-hidden=\"true\"><\/i> Inscripci\u00f3n Club\r\n                <\/a>\r\n            <\/p>\r\n        <\/div>\r\n        <div class=\"clear\"><\/div>\r\n\r\n        <hr \/>\r\n\r\n        <spam style=\"color:#CC0000;font-weight: bold; font-size: 2.0em;\">AVISO:<\/spam>\r\n        <spam style=\"font-size: 1.7em;\">La realizaci\u00f3n de los clubs esta sujeta a alcanzar un grupo m\u00ednimo de asistentes al turno elegido. \r\n              En caso de no ser factible, desde la organizaci\u00f3n les ofreceremos las alternativas existentes.<\/spam>\r\n    <\/div>\r\n<\/div>","protected":false},"excerpt":{"rendered":"Informaci\u00f3n de Fechas, Horarios, Precios y Descuentos [wpv-view name=\u00bbclubs-vitoria-upv\u00bb] &nbsp; Informaci\u00f3n General Los alumnos que ya hayan estado en los clubs del fin de semana o en campamentos el a\u00f1o anterior, realizar\u00e1n proyectos y actividades espec\u00edficas a su nivel. D\u00f3nde El Club Fin de Semana en Vitoria que se imparte en UPV\/EHU Escuela de Ingenieros [&hellip;]","protected":false},"author":27,"featured_media":49704,"parent":34222,"menu_order":0,"comment_status":"open","ping_status":"open","template":"","meta":{"footnotes":"","_links_to":"","_links_to_target":""},"class_list":["post-14209","page","type-page","status-publish","has-post-thumbnail","hentry"],"yoast_head":"<!-- This site is optimized with the Yoast SEO plugin v22.6 - https:\/\/yoast.com\/wordpress\/plugins\/seo\/ -->\n<title>Club Tecnol\u00f3gico Fin de Semana en Vitoria - UPV - Curso 2019-20<\/title>\n<meta name=\"description\" content=\"Los fines de semana del curso escolar 2018-19 ven al Club Tecnol\u00f3gico de Fin de Semana en Vitoria - Gasteiz. De 4 a 17 a\u00f1os. \u00a1Ap\u00fantales!\" \/>\n<meta name=\"robots\" content=\"noindex, follow, max-snippet:-1, max-image-preview:large, max-video-preview:-1\" \/>\n<meta property=\"og:locale\" content=\"es_ES\" \/>\n<meta property=\"og:type\" content=\"article\" \/>\n<meta property=\"og:title\" content=\"Club Tecnol\u00f3gico Fin de Semana en Vitoria - UPV - Curso 2019-20\" \/>\n<meta property=\"og:description\" content=\"Los fines de semana del curso escolar 2018-19 ven al Club Tecnol\u00f3gico de Fin de Semana en Vitoria - Gasteiz. De 4 a 17 a\u00f1os. \u00a1Ap\u00fantales!\" \/>\n<meta property=\"og:url\" content=\"https:\/\/camptecnologico.com\/inicio\/club-fin-de-semana\/vitoria-gasteiz\/\" \/>\n<meta property=\"og:site_name\" content=\"Camp Tecnologico\" \/>\n<meta property=\"article:publisher\" content=\"https:\/\/www.facebook.com\/camptecnologico\/\" \/>\n<meta property=\"article:modified_time\" content=\"2020-02-20T18:28:19+00:00\" \/>\n<meta property=\"og:image\" content=\"https:\/\/camptecnologico.com\/inicio\/wp-content\/uploads\/industry-4.0camptec-1.jpg\" \/>\n\t<meta property=\"og:image:width\" content=\"400\" \/>\n\t<meta property=\"og:image:height\" content=\"235\" \/>\n\t<meta property=\"og:image:type\" content=\"image\/jpeg\" \/>\n<meta name=\"twitter:card\" content=\"summary_large_image\" \/>\n<meta name=\"twitter:site\" content=\"@CampTecnologico\" \/>\n<meta name=\"twitter:label1\" content=\"Tiempo de lectura\" \/>\n\t<meta name=\"twitter:data1\" content=\"1 minuto\" \/>\n<!-- \/ Yoast SEO plugin. -->","yoast_head_json":{"title":"Club Tecnol\u00f3gico Fin de Semana en Vitoria - UPV - Curso 2019-20","description":"Los fines de semana del curso escolar 2018-19 ven al Club Tecnol\u00f3gico de Fin de Semana en Vitoria - Gasteiz. De 4 a 17 a\u00f1os. \u00a1Ap\u00fantales!","robots":{"index":"noindex","follow":"follow","max-snippet":"max-snippet:-1","max-image-preview":"max-image-preview:large","max-video-preview":"max-video-preview:-1"},"og_locale":"es_ES","og_type":"article","og_title":"Club Tecnol\u00f3gico Fin de Semana en Vitoria - UPV - Curso 2019-20","og_description":"Los fines de semana del curso escolar 2018-19 ven al Club Tecnol\u00f3gico de Fin de Semana en Vitoria - Gasteiz. De 4 a 17 a\u00f1os. \u00a1Ap\u00fantales!","og_url":"https:\/\/camptecnologico.com\/inicio\/club-fin-de-semana\/vitoria-gasteiz\/","og_site_name":"Camp Tecnologico","article_publisher":"https:\/\/www.facebook.com\/camptecnologico\/","article_modified_time":"2020-02-20T18:28:19+00:00","og_image":[{"width":400,"height":235,"url":"https:\/\/camptecnologico.com\/inicio\/wp-content\/uploads\/industry-4.0camptec-1.jpg","type":"image\/jpeg"}],"twitter_card":"summary_large_image","twitter_site":"@CampTecnologico","twitter_misc":{"Tiempo de lectura":"1 minuto"},"schema":{"@context":"https:\/\/schema.org","@graph":[{"@type":"WebPage","@id":"https:\/\/camptecnologico.com\/inicio\/club-fin-de-semana\/vitoria-gasteiz\/","url":"https:\/\/camptecnologico.com\/inicio\/club-fin-de-semana\/vitoria-gasteiz\/","name":"Club Tecnol\u00f3gico Fin de Semana en Vitoria - UPV - Curso 2019-20","isPartOf":{"@id":"https:\/\/camptecnologico.com\/inicio\/#website"},"primaryImageOfPage":{"@id":"https:\/\/camptecnologico.com\/inicio\/club-fin-de-semana\/vitoria-gasteiz\/#primaryimage"},"image":{"@id":"https:\/\/camptecnologico.com\/inicio\/club-fin-de-semana\/vitoria-gasteiz\/#primaryimage"},"thumbnailUrl":"https:\/\/camptecnologico.com\/inicio\/wp-content\/uploads\/industry-4.0camptec-1.jpg","datePublished":"2015-08-27T10:51:44+00:00","dateModified":"2020-02-20T18:28:19+00:00","description":"Los fines de semana del curso escolar 2018-19 ven al Club Tecnol\u00f3gico de Fin de Semana en Vitoria - Gasteiz. De 4 a 17 a\u00f1os. \u00a1Ap\u00fantales!","breadcrumb":{"@id":"https:\/\/camptecnologico.com\/inicio\/club-fin-de-semana\/vitoria-gasteiz\/#breadcrumb"},"inLanguage":"es","potentialAction":[{"@type":"ReadAction","target":["https:\/\/camptecnologico.com\/inicio\/club-fin-de-semana\/vitoria-gasteiz\/"]}]},{"@type":"ImageObject","inLanguage":"es","@id":"https:\/\/camptecnologico.com\/inicio\/club-fin-de-semana\/vitoria-gasteiz\/#primaryimage","url":"https:\/\/camptecnologico.com\/inicio\/wp-content\/uploads\/industry-4.0camptec-1.jpg","contentUrl":"https:\/\/camptecnologico.com\/inicio\/wp-content\/uploads\/industry-4.0camptec-1.jpg","width":400,"height":235},{"@type":"BreadcrumbList","@id":"https:\/\/camptecnologico.com\/inicio\/club-fin-de-semana\/vitoria-gasteiz\/#breadcrumb","itemListElement":[{"@type":"ListItem","position":1,"name":"Home","item":"https:\/\/camptecnologico.com\/"},{"@type":"ListItem","position":2,"name":"Club Tecnol\u00f3gico Fin de Semana Curso 2020-21","item":"https:\/\/camptecnologico.com\/inicio\/club-fin-de-semana\/"},{"@type":"ListItem","position":3,"name":"Club Tecnol\u00f3gico Fin de Semana en Vitoria &#8211; UPV &#8211; Curso 2019-20"}]},{"@type":"WebSite","@id":"https:\/\/camptecnologico.com\/inicio\/#website","url":"https:\/\/camptecnologico.com\/inicio\/","name":"Camp Tecnologico","description":"Campamento tecnol\u00f3gico para ni\u00f1os y j\u00f3venes. Tecnolog\u00eda para ni\u00f1os. Minecraft.","publisher":{"@id":"https:\/\/camptecnologico.com\/inicio\/#organization"},"potentialAction":[{"@type":"SearchAction","target":{"@type":"EntryPoint","urlTemplate":"https:\/\/camptecnologico.com\/inicio\/?s={search_term_string}"},"query-input":"required name=search_term_string"}],"inLanguage":"es"},{"@type":"Organization","@id":"https:\/\/camptecnologico.com\/inicio\/#organization","name":"Camp Tecnol\u00f3gico","url":"https:\/\/camptecnologico.com\/inicio\/","logo":{"@type":"ImageObject","inLanguage":"es","@id":"https:\/\/camptecnologico.com\/inicio\/#\/schema\/logo\/image\/","url":"https:\/\/camptecnologico.com\/inicio\/wp-content\/uploads\/logo1.jpg","contentUrl":"https:\/\/camptecnologico.com\/inicio\/wp-content\/uploads\/logo1.jpg","width":120,"height":120,"caption":"Camp Tecnol\u00f3gico"},"image":{"@id":"https:\/\/camptecnologico.com\/inicio\/#\/schema\/logo\/image\/"},"sameAs":["https:\/\/www.facebook.com\/camptecnologico\/","https:\/\/x.com\/CampTecnologico","https:\/\/www.instagram.com\/camptecnologico\/","https:\/\/www.linkedin.com\/company\/camptecnol-gico","https:\/\/www.youtube.com\/user\/CampTecologico"]}]}},"_links":{"self":[{"href":"https:\/\/camptecnologico.com\/inicio\/wp-json\/wp\/v2\/pages\/14209","targetHints":{"allow":["GET"]}}],"collection":[{"href":"https:\/\/camptecnologico.com\/inicio\/wp-json\/wp\/v2\/pages"}],"about":[{"href":"https:\/\/camptecnologico.com\/inicio\/wp-json\/wp\/v2\/types\/page"}],"author":[{"embeddable":true,"href":"https:\/\/camptecnologico.com\/inicio\/wp-json\/wp\/v2\/users\/27"}],"replies":[{"embeddable":true,"href":"https:\/\/camptecnologico.com\/inicio\/wp-json\/wp\/v2\/comments?post=14209"}],"version-history":[{"count":61,"href":"https:\/\/camptecnologico.com\/inicio\/wp-json\/wp\/v2\/pages\/14209\/revisions"}],"predecessor-version":[{"id":45099,"href":"https:\/\/camptecnologico.com\/inicio\/wp-json\/wp\/v2\/pages\/14209\/revisions\/45099"}],"up":[{"embeddable":true,"href":"https:\/\/camptecnologico.com\/inicio\/wp-json\/wp\/v2\/pages\/34222"}],"wp:featuredmedia":[{"embeddable":true,"href":"https:\/\/camptecnologico.com\/inicio\/wp-json\/wp\/v2\/media\/49704"}],"wp:attachment":[{"href":"https:\/\/camptecnologico.com\/inicio\/wp-json\/wp\/v2\/media?parent=14209"}],"curies":[{"name":"wp","href":"https:\/\/api.w.org\/{rel}","templated":true}]}}

Club Tecnológico Fin de Semana en Vitoria &#8211; UPV &#8211; Curso 2019-20

<script>
    sessionStorage.campus=5250;
</script>

<div class="row">
    <p style="color: #FF2200; font-weight: bold; font-size: 200%;text-align:center;margin-top:20px">
        <a href="#infor_general">Información de Fechas, Horarios, Precios y Descuentos</a>
    </p>

    [wpv-view name=»clubs-vitoria-upv»]

    <p id="infor_general" style="margin-top:0px; padding-top:0px; font-size:10%">&nbsp;</p>
<br /><br /><br /><br /><br /><br /><br />
    <div id="descripcion">
        <div>
            <h3 class="tituloSeccion">Información General</h3>
            <p>Los alumnos que ya hayan estado en los clubs del fin de semana o en campamentos el año anterior, realizarán proyectos y actividades específicas a su nivel.</p>
        </div>
        <div class="clear" style="height: 20px;"></div>

        <div>
            <h3><i class="fa fa-map-marker"></i> Dónde</h3>
            <p>El <strong>Club Fin de Semana</strong> en Vitoria que se imparte en <a href="https://www.google.com/maps?ll=42.838765,-2.673982&amp;z=16&amp;t=m&amp;hl=es-ES&amp;gl=ES&amp;mapclient=embed&amp;q=UPV/EHU+Escuela+de+Ingenieros+de+Vitoria+%E2%80%93+Gasteiz+Nieves+Cano,+12+%E2%80%93+01006+Vitoria+%E2%80%93+Gasteiz" rel="nofollow">UPV/EHU Escuela de Ingenieros de Vitoria – Gasteiz</a> (Nieves Cano, 12 – 01006 Vitoria – Gasteiz)

               <img loading="lazy" decoding="async" src="https://camptecnologico.com/inicio/wp-content/uploads/2016/02/campamento-vitoria-programacion.jpg" width="110" height="110" />
            </p>
        </div>
        <div class="clear"></div>

        <div class="fourcol column">
            <h3><i class="fa fa-money" aria-hidden="true"></i> Precios</h3> 
            <p>Descuento Campaña 10º aniversario</p>
            <ul>
    	        <li>Club Unity: <span class="tachaprecio">70€/mes</span> <span style="font-size: 1.7em;"> <strong>63€/mes</strong></span></li>
                <li>Club Maker: <span class="tachaprecio">85€/mes</span> <span style="font-size: 1.7em;"> <strong>77€/mes</strong></span></li>
            </ul>
            <p style="font-size: 1.5em;color:#0000FF;">Cuota fija durante todo el curso.</p>
        </div>
        <div class="fourcol column">
            <h3><i class="fa fa-money" aria-hidden="true"></i> Descuentos adicionales</h3>
            <ul>
 	        <li>Plan Gaztedi-Kutxabank: <strong>-10%</strong></li>
 	        <li>Antiguos alumnos: <strong>-10%</strong></li>
            </ul>
        </div>
        <div class="fourcol column last">
            <h3><i class="fa fa-university" aria-hidden="true"></i> Forma de pago</h3>
            <p>Domiciliación bancaria (día 10 de cada mes)</p>
            <ul>
               <li>1º trimestre curso 2019-20,<br />&nbsp;&nbsp;&nbsp;&nbsp;&nbsp;<strong>3 recibos de Octubre a Diciembre</strong></li>
               <li>2º y 3º trimestre curso 2019-20,<br />&nbsp;&nbsp;&nbsp;&nbsp;&nbsp;<strong>6 recibos de Enero a Junio</strong></li>
            </ul>
        </div>
        <div class="clear"></div>

<hr />

        <div class="eightcol column" style="text-align:center;">
            <h3><i class="fa fa-calendar"></i> Fechas</h3>
                <img loading="lazy" decoding="async" src="https://camptecnologico.com/inicio/wp-content/uploads/Calendario_Vitoria_UPV.jpg" alt="" width="878" height="492" />
        </div>

        <div class="fourcol column last">
            <h3><i class="fa fa-clock-o" aria-hidden="true"></i> Horario</h3>
            <ul>
 	        <li>Viernes tarde: de 18:00 a 20:00h</li>
            </ul>
            <p style="margin-top: 40px; text-align:center;">
                <a class="button large primary" href="https://camptecnologico.com/inicio/inscripcion-clubs/" title="Incripción Club Tecnológico">
                     <i class="fa fa-location-arrow" aria-hidden="true"></i> Inscripción Club
                </a>
            </p>
        </div>
        <div class="clear"></div>

        <hr />

        <spam style="color:#CC0000;font-weight: bold; font-size: 2.0em;">AVISO:</spam>
        <spam style="font-size: 1.7em;">La realización de los clubs esta sujeta a alcanzar un grupo mínimo de asistentes al turno elegido. 
              En caso de no ser factible, desde la organización les ofreceremos las alternativas existentes.</spam>
    </div>
</div>

Información de Fechas, Horarios, Precios y Descuentos [wpv-view name=»clubs-vitoria-upv»] &nbsp; Información General Los alumnos que ya hayan estado en los clubs del fin de semana o en campamentos el año anterior, realizarán proyectos y actividades específicas a su nivel. Dónde El Club Fin de Semana en Vitoria que se imparte en UPV/EHU Escuela de Ingenieros [&hellip;]

<!-- This site is optimized with the Yoast SEO plugin v22.6 - https://yoast.com/wordpress/plugins/seo/ -->
<title>Club Tecnológico Fin de Semana en Vitoria - UPV - Curso 2019-20</title>
<meta name="description" content="Los fines de semana del curso escolar 2018-19 ven al Club Tecnológico de Fin de Semana en Vitoria - Gasteiz. De 4 a 17 años. ¡Apúntales!" />
<meta name="robots" content="noindex, follow, max-snippet:-1, max-image-preview:large, max-video-preview:-1" />
<meta property="og:locale" content="es_ES" />
<meta property="og:type" content="article" />
<meta property="og:title" content="Club Tecnológico Fin de Semana en Vitoria - UPV - Curso 2019-20" />
<meta property="og:description" content="Los fines de semana del curso escolar 2018-19 ven al Club Tecnológico de Fin de Semana en Vitoria - Gasteiz. De 4 a 17 años. ¡Apúntales!" />
<meta property="og:url" content="https://camptecnologico.com/inicio/club-fin-de-semana/vitoria-gasteiz/" />
<meta property="og:site_name" content="Camp Tecnologico" />
<meta property="article:publisher" content="https://www.facebook.com/camptecnologico/" />
<meta property="article:modified_time" content="2020-02-20T18:28:19+00:00" />
<meta property="og:image" content="https://camptecnologico.com/inicio/wp-content/uploads/industry-4.0camptec-1.jpg" />
	<meta property="og:image:width" content="400" />
	<meta property="og:image:height" content="235" />
	<meta property="og:image:type" content="image/jpeg" />
<meta name="twitter:card" content="summary_large_image" />
<meta name="twitter:site" content="@CampTecnologico" />
<meta name="twitter:label1" content="Tiempo de lectura" />
	<meta name="twitter:data1" content="1 minuto" />
<!-- / Yoast SEO plugin. -->

Club Tecnológico Fin de Semana en Vitoria - UPV - Curso 2019-20

Los fines de semana del curso escolar 2018-19 ven al Club Tecnológico de Fin de Semana en Vitoria - Gasteiz. De 4 a 17 años. ¡Apúntales!

Club Tecnológico Fin de Semana Curso 2020-21

Campamento tecnológico para niños y jóvenes. Tecnología para niños. Minecraft.

Camp Tecnológico
